{"id":765,"date":"2022-09-06T13:08:50","date_gmt":"2022-09-06T13:08:50","guid":{"rendered":"https:\/\/stnr.aps.pt\/sceav\/?page_id=765"},"modified":"2022-09-06T13:12:39","modified_gmt":"2022-09-06T13:12:39","slug":"projetos-de-investigacao","status":"publish","type":"page","link":"https:\/\/stnr.aps.pt\/sceav\/projetos-de-investigacao\/","title":{"rendered":"investiga\u00e7\u00e3o"},"content":{"rendered":"<p>Projetos nas \u00e1reas de interesse da ST (EM DESENVOLVIMENTO)<\/p>\n<h3>Empresas sociais, empreendedorismo social e inova\u00e7\u00e3o social<\/h3>\n<p><strong>Social enterprise and their ecosystems in Europe (2019)<\/strong><\/p>\n<ul>\n<li>O Relat\u00f3rio portugu\u00eas pode ser descarregado <a href=\"https:\/\/ec.europa.eu\/social\/BlobServlet?docId=21136&amp;langId=en\">aqui<\/a> (pdf).<\/li>\n<li>O Relat\u00f3rio S\u00edntese pode ser descarregado <a href=\"https:\/\/ec.europa.eu\/social\/main.jsp?catId=738&amp;langId=en&amp;pubId=8274&amp;furtherPubs=yes\">aqui<\/a>.<\/li>\n<\/ul>\n<p><strong>SEFORIS \u2013 Social Entrepreneurship as a Force for more Inclusive and Innovative Societies<\/strong><\/p>\n<ul>\n<li>Portugal \u2013 Relat\u00f3rio Nacional: <a href=\"https:\/\/static1.squarespace.com\/static\/56d2eebbb654f9329ddbd20e\/t\/57e5a52ebebafba4111f1078\/1474667827836\/Country-Report-PT_PT-FINAL.pdf\">https:\/\/static1.squarespace.com\/static\/56d2eebbb654f9329ddbd20e\/t\/57e5a52ebebafba4111f1078\/1474667827836\/Country-Report-PT_PT-FINAL.pdf<\/a><\/li>\n<li>Para saber mais: <a href=\"http:\/\/www.seforis.eu\/\">http:\/\/www.seforis.eu\/<\/a><\/li>\n<\/ul>\n<h4><span class=\"wsw-02\">EPP \u2013 Strengthening emergent professional profiles in the third sector, a way to foster innovative bridges to work and social inclusion of vulnerable groups (2016)<\/span><\/h4>\n<ul>\n<li>Portugal- Artigo: Quint\u00e3o, Carlota, Ana Lu\u00edsa Martinho, e Mafalda Gomes. 2018. <span class=\"wsw-02\">\u201cAs Empresas Sociais de Inser\u00e7\u00e3o na Promo\u00e7\u00e3o do Emprego e Inclus\u00e3o Social a Partir de Estudos de Caso Europeu\u201d<\/span>. <em>Gest\u00e3o e Sociedade<\/em> 12 (32): 2374\u201391. <a href=\"https:\/\/doi.org\/10.21171\/ges.v12i32.2438\">https:\/\/doi.org\/10.21171\/ges.v12i32.2438<\/a>.<\/li>\n<li>Para saber mais: <a href=\"https:\/\/a3s.webnode.pt\/recursos\/\">https:\/\/a3s.webnode.pt\/recursos\/<\/a><\/li>\n<\/ul>\n<h4>Empreendedorismo Social em Portugal (2014)<\/h4>\n<ul>\n<li>E-book: <a href=\"https:\/\/repositorio-aberto.up.pt\/bitstream\/10216\/73385\/2\/88711.pdf\">https:\/\/repositorio-aberto.up.pt\/bitstream\/10216\/73385\/2\/88711.pdf<\/a>; <a href=\"https:\/\/issuu.com\/dianovaportugal\/docs\/e_book_empreendedorismo_social_em_p\">https:\/\/issuu.com\/dianovaportugal\/docs\/e_book_empreendedorismo_social_em_p<\/a><\/li>\n<li>Para saber mais: <a href=\"http:\/\/up-pt.academia.edu\/EmpreendedorismoSocialemPortugal\">http:\/\/up-pt.academia.edu\/EmpreendedorismoSocialemPortugal<\/a> e <a href=\"https:\/\/a3s.webnode.pt\/recursos\/\">https:\/\/a3s.webnode.pt\/recursos\/<\/a><\/li>\n<\/ul>\n<h4>Study on Practices and Policies in the Social Enterprise Sector in Europe (2007)<\/h4>\n<ul>\n<li>Estudo Nacional (pdf): <a href=\"https:\/\/ec.europa.eu\/docsroom\/documents\/2292\/attachments\/1\/translations\/en\/renditions\/pdf\">https:\/\/ec.europa.eu\/docsroom\/documents\/2292\/attachments\/1\/translations\/en\/renditions\/pdf<\/a><\/li>\n<li>Para saber mais: <a href=\"https:\/\/ec.europa.eu\/growth\/content\/study-practices-and-policies-social-enterprise-sector-europe-0_pt\">https:\/\/ec.europa.eu\/growth\/content\/study-practices-and-policies-social-enterprise-sector-europe-0_pt<\/a><\/li>\n<\/ul>\n<h4>ELEXIES \u2013 L\u2019entreprise sociale : lutte contre l\u2019exclusion par l\u2019insertion \u00e9conomique et sociale\u201d(2001-2004)<\/h4>\n<div class=\"csl-bib-body\">\n<ul>\n<li class=\"csl-entry\">Estudo Nacional: Perista, H\u00e9lo\u00edsa, e Susana Nogueira. 2002. \u00abNational Profiles of Work Integration Social Enterprises: Portugal\u00bb. <i>EMES<\/i> WP no. 02\/09: 20.<\/li>\n<li class=\"csl-entry\">Para saber mais: <a href=\"https:\/\/emes.net\/research-projects\/work-integration\/perse\/\">https:\/\/emes.net\/research-projects\/work-integration\/perse\/<\/a><\/li>\n<\/ul>\n<h4>PERSE \u2013 Performance socio-\u00e9conomique des entreprises sociales d\u2019insertion par le travail (2001-2004)<\/h4>\n<ul>\n<li>Estudo Nacional: Perista, Helo\u00edsa, e Susana Nogueira. 2004. \u00abWork Integration Social Enterprises in Portugal\u00bb. <i>Li\u00e8ge: EMES European Research Network<\/i> Working Paper Series no. 04\/06: 27.<\/li>\n<\/ul>\n<h4>The Emergence of Social Enterprise in Europe (1996-1999)<\/h4>\n<div class=\"csl-bib-body\">\n<div class=\"csl-entry\">\n<div class=\"csl-bib-body\">\n<ul>\n<li>Estudo Nacional: Heloisa Perista. 2001. \u00abCo-operatives for rehabilitation of people with disabilities\u00bb, in Borzaga, Carlo, e Jacques Defourny, <i>The Emergence of Social Enterprise<\/i>. London: Routledge.<\/li>\n<\/ul>\n<\/div>\n<\/div>\n<\/div>\n<ul>\n<li>Para saber mais: <a href=\"https:\/\/emes.net\/research-projects\/social-enterprise\/emes-project-2\/\">https:\/\/emes.net\/research-projects\/social-enterprise\/emes-project-2\/<\/a><\/li>\n<\/ul>\n<\/div>\n<h3>Terceiro sector<\/h3>\n<h4>Johns Hopkins Comparative Nonprofit Sector Project (CNP)<\/h4>\n<ul>\n<li>Portugal \u2013 Relat\u00f3rios Nacionais: <a href=\"http:\/\/ccss.jhu.edu\/wp-content\/uploads\/downloads\/2011\/09\/Portugal_CNP_WP43_2005.pdf\">http:\/\/ccss.jhu.edu\/wp-content\/uploads\/downloads\/2011\/09\/Portugal_CNP_WP43_2005.pdf<\/a>; <a href=\"http:\/\/ccss.jhu.edu\/wp-content\/uploads\/downloads\/2011\/11\/Portugal_NationalReport_2005.pdf\">http:\/\/ccss.jhu.edu\/wp-content\/uploads\/downloads\/2011\/11\/Portugal_NationalReport_2005.pdf<\/a><\/li>\n<li>Para saber mais: <a href=\"https:\/\/ccss.jhu.edu\/research-projects\/comparative-nonprofit-sector-project\/\">https:\/\/ccss.jhu.edu\/research-projects\/comparative-nonprofit-sector-project\/<\/a><\/li>\n<\/ul>\n","protected":false},"excerpt":{"rendered":"<p>Projetos nas \u00e1reas de interesse da ST (EM DESENVOLVIMENTO) Empresas sociais, empreendedorismo social e inova\u00e7\u00e3o social Social enterprise and their ecosystems in Europe (2019) O Relat\u00f3rio portugu\u00eas pode ser descarregado aqui (pdf). O Relat\u00f3rio S\u00edntese pode ser descarregado aqui. SEFORIS \u2013 Social Entrepreneurship as a Force for more Inclusive and Innovative Societies Portugal \u2013 Relat\u00f3rio <a href=\"https:\/\/stnr.aps.pt\/sceav\/projetos-de-investigacao\/\"> [&#8230;]<\/a><\/p>\n","protected":false},"author":17,"featured_media":0,"parent":0,"menu_order":0,"comment_status":"closed","ping_status":"closed","template":"","meta":{"footnotes":""},"class_list":["post-765","page","type-page","status-publish","hentry"],"_links":{"self":[{"href":"https:\/\/stnr.aps.pt\/sceav\/wp-json\/wp\/v2\/pages\/765","targetHints":{"allow":["GET"]}}],"collection":[{"href":"https:\/\/stnr.aps.pt\/sceav\/wp-json\/wp\/v2\/pages"}],"about":[{"href":"https:\/\/stnr.aps.pt\/sceav\/wp-json\/wp\/v2\/types\/page"}],"author":[{"embeddable":true,"href":"https:\/\/stnr.aps.pt\/sceav\/wp-json\/wp\/v2\/users\/17"}],"replies":[{"embeddable":true,"href":"https:\/\/stnr.aps.pt\/sceav\/wp-json\/wp\/v2\/comments?post=765"}],"version-history":[{"count":2,"href":"https:\/\/stnr.aps.pt\/sceav\/wp-json\/wp\/v2\/pages\/765\/revisions"}],"predecessor-version":[{"id":767,"href":"https:\/\/stnr.aps.pt\/sceav\/wp-json\/wp\/v2\/pages\/765\/revisions\/767"}],"wp:attachment":[{"href":"https:\/\/stnr.aps.pt\/sceav\/wp-json\/wp\/v2\/media?parent=765"}],"curies":[{"name":"wp","href":"https:\/\/api.w.org\/{rel}","templated":true}]}}