{"id":379,"date":"2021-07-01T18:01:15","date_gmt":"2021-07-01T18:01:15","guid":{"rendered":"https:\/\/stnr.aps.pt\/sceav\/?page_id=379"},"modified":"2022-07-12T15:20:10","modified_gmt":"2022-07-12T15:20:10","slug":"instituicoes-de-ensino","status":"publish","type":"page","link":"https:\/\/stnr.aps.pt\/sceav\/instituicoes-de-ensino\/","title":{"rendered":"institui\u00e7\u00f5es de ensino"},"content":{"rendered":"<p>Informa\u00e7\u00e3o para as institui\u00e7\u00f5es de ensino\/forma\u00e7\u00e3o nas \u00e1reas de interesse da ST (EM DESENVOLVIMENTO)<\/p>\n<h3>Instituto Polit\u00e9cnico de Leiria<\/h3>\n<p><a href=\"https:\/\/www.ipleiria.pt\/curso\/pos-graduacao-direcao-organizacoes-intervencao-social\/\">P\u00f3s-Gradua\u00e7\u00e3o em Dire\u00e7\u00e3o de Organiza\u00e7\u00f5es de Interven\u00e7\u00e3o Social<\/a><\/p>\n<h3>Instituto Polit\u00e9cnico de Set\u00fabal<\/h3>\n<p><a href=\"https:\/\/www.iscte-iul.pt\/curso\/24\/mestrado-economia-social-solidaria\">Curso de Apoio \u00e0 Gest\u00e3o de Organiza\u00e7\u00f5es Sociais<\/a><\/p>\n<h3>ISCTE &#8211; IUL<\/h3>\n<p><a href=\"https:\/\/www.iscte-iul.pt\/curso\/24\/mestrado-economia-social-solidaria\">Mestrado em Economia Social e Solid\u00e1ria<\/a><\/p>\n<p><a href=\"https:\/\/ipps.iscte-iul.pt\/index.php\/formacao\/pos-graduacao\/855-pos-graduacao-em-economia-social-e-solidaria-2022-2023\">P\u00f3s-Gradua\u00e7\u00e3o em Economia Social e Solid\u00e1ria<\/a><\/p>\n<h3>Universidade Cat\u00f3lica<\/h3>\n<p id=\"page-title\" class=\"title\"><a href=\"https:\/\/www.porto.ucp.pt\/pt\/central-oferta-formativa\/pos-graduacao-gestao-organizacoes-economia-social\">P\u00f3s-Gradua\u00e7\u00e3o em Gest\u00e3o de Organiza\u00e7\u00f5es de Economia Social<\/a><\/p>\n<h3>Universidade da Beira Interior<\/h3>\n<p><a href=\"https:\/\/www.ubi.pt\/curso\/1000\">Mestrado em Inova\u00e7\u00e3o e Empreendedorismo Social<\/a><\/p>\n<h3>Universidade de Coimbra<\/h3>\n<p><a href=\"https:\/\/mestradoisie.wordpress.com\/\">Mestrado em Interven\u00e7\u00e3o Social, Inova\u00e7\u00e3o e Empreendedorismo<\/a><\/p>\n<p><a href=\"https:\/\/www.uc.pt\/feuc\/eea\/diplomas\/economia_social\">P\u00f3s-Gradua\u00e7\u00e3o em Economia Social &#8211; Cooperativismo, Mutualismo e Solidariedade<\/a><\/p>\n<p>&nbsp;<\/p>\n","protected":false},"excerpt":{"rendered":"<p>Informa\u00e7\u00e3o para as institui\u00e7\u00f5es de ensino\/forma\u00e7\u00e3o nas \u00e1reas de interesse da ST (EM DESENVOLVIMENTO) Instituto Polit\u00e9cnico de Leiria P\u00f3s-Gradua\u00e7\u00e3o em Dire\u00e7\u00e3o de Organiza\u00e7\u00f5es de Interven\u00e7\u00e3o Social Instituto Polit\u00e9cnico de Set\u00fabal Curso de Apoio \u00e0 Gest\u00e3o de Organiza\u00e7\u00f5es Sociais ISCTE &#8211; IUL Mestrado em Economia Social e Solid\u00e1ria P\u00f3s-Gradua\u00e7\u00e3o em Economia Social e Solid\u00e1ria Universidade Cat\u00f3lica <a href=\"https:\/\/stnr.aps.pt\/sceav\/instituicoes-de-ensino\/\"> [&#8230;]<\/a><\/p>\n","protected":false},"author":4,"featured_media":0,"parent":0,"menu_order":0,"comment_status":"closed","ping_status":"closed","template":"","meta":{"footnotes":""},"class_list":["post-379","page","type-page","status-publish","hentry"],"_links":{"self":[{"href":"https:\/\/stnr.aps.pt\/sceav\/wp-json\/wp\/v2\/pages\/379","targetHints":{"allow":["GET"]}}],"collection":[{"href":"https:\/\/stnr.aps.pt\/sceav\/wp-json\/wp\/v2\/pages"}],"about":[{"href":"https:\/\/stnr.aps.pt\/sceav\/wp-json\/wp\/v2\/types\/page"}],"author":[{"embeddable":true,"href":"https:\/\/stnr.aps.pt\/sceav\/wp-json\/wp\/v2\/users\/4"}],"replies":[{"embeddable":true,"href":"https:\/\/stnr.aps.pt\/sceav\/wp-json\/wp\/v2\/comments?post=379"}],"version-history":[{"count":4,"href":"https:\/\/stnr.aps.pt\/sceav\/wp-json\/wp\/v2\/pages\/379\/revisions"}],"predecessor-version":[{"id":686,"href":"https:\/\/stnr.aps.pt\/sceav\/wp-json\/wp\/v2\/pages\/379\/revisions\/686"}],"wp:attachment":[{"href":"https:\/\/stnr.aps.pt\/sceav\/wp-json\/wp\/v2\/media?parent=379"}],"curies":[{"name":"wp","href":"https:\/\/api.w.org\/{rel}","templated":true}]}}