{"id":1025,"date":"2025-03-19T11:03:20","date_gmt":"2025-03-19T11:03:20","guid":{"rendered":"https:\/\/stnr.aps.pt\/sceav\/?page_id=1025"},"modified":"2026-02-23T12:37:45","modified_gmt":"2026-02-23T12:37:45","slug":"praticas-profissionais-da-sociologia","status":"publish","type":"page","link":"https:\/\/stnr.aps.pt\/sceav\/projetos-de-investigacao\/praticas-profissionais-da-sociologia\/","title":{"rendered":"Pr\u00e1ticas profissionais da sociologia"},"content":{"rendered":"<p>A SCEAV realiza uma investiga\u00e7\u00e3o sobre as pr\u00e1ticas dos e das profissionais de sociologia que interv\u00eam em organiza\u00e7\u00f5es e iniciativas de economia social e solid\u00e1ria, voluntariado e sociedade civil ou mesmo em organismos p\u00fablicos, desde que desempenhando fun\u00e7\u00f5es relacionadas com estes temas.<\/p>\n<p>No \u00e2mbito desta investiga\u00e7\u00e3o ser\u00e3o realizados v\u00e1rios encontros entre profissionais, ativistas e investigadores\/as nos campos de incid\u00eancia da SCEAV ter\u00e3o lugar \u00a0em v\u00e1rios pontos do pa\u00eds.<\/p>\n<p>Este ser\u00e1 certamente um momento que facilitar\u00e1 o interconhecimento entre soci\u00f3logos\/as da regi\u00e3o e contribuir\u00e1 para a afirma\u00e7\u00e3o do seu papel nas organiza\u00e7\u00f5es, ajudando a trilhar igualmente os futuros profissionais dos e das novas soci\u00f3logos\/as.<\/p>\n<p>Caso n\u00e3o possa participar, solicitamos a sua colabora\u00e7\u00e3o no preenchimento do formul\u00e1rio dispon\u00edvel <a href=\"https:\/\/docs.google.com\/forms\/d\/1hMc6Nb8Lnd7vohElq-cqhxzmfbiMWdPztf8r2m6927E\/edit\" target=\"_blank\" rel=\"noopener noreferrer\">aqui<\/a>, para que o\/a possamos contactar em pr\u00f3ximos encontros.<\/p>\n<p>&nbsp;<\/p>\n<p><strong>Encontros<\/strong><\/p>\n<p>28 de maio de 2024, das 16h \u00e0s 17h30<\/p>\n<p>Cooperativa <a href=\"http:\/\/www.coolabora.pt\">CooLabora<\/a> (Rua Comendador Marcelino, 53, Covilh\u00e3)<\/p>\n<p><img decoding=\"async\" class=\"lazyload alignnone size-medium wp-image-990\" src=\"https:\/\/stnr.aps.pt\/sceav\/wp-content\/uploads\/sites\/31\/2024\/05\/Encontro-Profissionais-de-Sociologia-300x300.jpg\" data-orig-src=\"https:\/\/stnr.aps.pt\/sceav\/wp-content\/uploads\/sites\/31\/2024\/05\/Encontro-Profissionais-de-Sociologia-300x300.jpg\" alt=\"\" width=\"300\" height=\"300\" srcset=\"data:image\/svg+xml,%3Csvg%20xmlns%3D%27http%3A%2F%2Fwww.w3.org%2F2000%2Fsvg%27%20width%3D%27300%27%20height%3D%27300%27%20viewBox%3D%270%200%20300%20300%27%3E%3Crect%20width%3D%27300%27%20height%3D%27300%27%20fill-opacity%3D%220%22%2F%3E%3C%2Fsvg%3E\" data-srcset=\"https:\/\/stnr.aps.pt\/sceav\/wp-content\/uploads\/sites\/31\/2024\/05\/Encontro-Profissionais-de-Sociologia-66x66.jpg 66w, https:\/\/stnr.aps.pt\/sceav\/wp-content\/uploads\/sites\/31\/2024\/05\/Encontro-Profissionais-de-Sociologia-150x150.jpg 150w, https:\/\/stnr.aps.pt\/sceav\/wp-content\/uploads\/sites\/31\/2024\/05\/Encontro-Profissionais-de-Sociologia-200x200.jpg 200w, https:\/\/stnr.aps.pt\/sceav\/wp-content\/uploads\/sites\/31\/2024\/05\/Encontro-Profissionais-de-Sociologia-300x300.jpg 300w, https:\/\/stnr.aps.pt\/sceav\/wp-content\/uploads\/sites\/31\/2024\/05\/Encontro-Profissionais-de-Sociologia-400x400.jpg 400w, https:\/\/stnr.aps.pt\/sceav\/wp-content\/uploads\/sites\/31\/2024\/05\/Encontro-Profissionais-de-Sociologia-600x600.jpg 600w, https:\/\/stnr.aps.pt\/sceav\/wp-content\/uploads\/sites\/31\/2024\/05\/Encontro-Profissionais-de-Sociologia-768x768.jpg 768w, https:\/\/stnr.aps.pt\/sceav\/wp-content\/uploads\/sites\/31\/2024\/05\/Encontro-Profissionais-de-Sociologia-800x800.jpg 800w, https:\/\/stnr.aps.pt\/sceav\/wp-content\/uploads\/sites\/31\/2024\/05\/Encontro-Profissionais-de-Sociologia-1024x1024.jpg 1024w, https:\/\/stnr.aps.pt\/sceav\/wp-content\/uploads\/sites\/31\/2024\/05\/Encontro-Profissionais-de-Sociologia.jpg 1080w\" data-sizes=\"auto\" data-orig-sizes=\"(max-width: 300px) 100vw, 300px\" \/><\/p>\n<p>9 de abril de 2025, \u00e0s 17h,<\/p>\n<p>Departamento de Sociologia da Faculdade de Letras da Universidade do Porto (Torre B, piso 4)<\/p>\n<p><img decoding=\"async\" class=\"lazyload alignnone wp-image-1028 size-medium\" src=\"https:\/\/stnr.aps.pt\/sceav\/wp-content\/uploads\/sites\/31\/2024\/03\/Encontro-Porto-240x300.png\" data-orig-src=\"https:\/\/stnr.aps.pt\/sceav\/wp-content\/uploads\/sites\/31\/2024\/03\/Encontro-Porto-240x300.png\" alt=\"\" width=\"240\" height=\"300\" srcset=\"data:image\/svg+xml,%3Csvg%20xmlns%3D%27http%3A%2F%2Fwww.w3.org%2F2000%2Fsvg%27%20width%3D%27240%27%20height%3D%27300%27%20viewBox%3D%270%200%20240%20300%27%3E%3Crect%20width%3D%27240%27%20height%3D%27300%27%20fill-opacity%3D%220%22%2F%3E%3C%2Fsvg%3E\" data-srcset=\"https:\/\/stnr.aps.pt\/sceav\/wp-content\/uploads\/sites\/31\/2024\/03\/Encontro-Porto-200x250.png 200w, https:\/\/stnr.aps.pt\/sceav\/wp-content\/uploads\/sites\/31\/2024\/03\/Encontro-Porto-240x300.png 240w, https:\/\/stnr.aps.pt\/sceav\/wp-content\/uploads\/sites\/31\/2024\/03\/Encontro-Porto-400x500.png 400w, https:\/\/stnr.aps.pt\/sceav\/wp-content\/uploads\/sites\/31\/2024\/03\/Encontro-Porto-600x750.png 600w, https:\/\/stnr.aps.pt\/sceav\/wp-content\/uploads\/sites\/31\/2024\/03\/Encontro-Porto-768x960.png 768w, https:\/\/stnr.aps.pt\/sceav\/wp-content\/uploads\/sites\/31\/2024\/03\/Encontro-Porto-800x1000.png 800w, https:\/\/stnr.aps.pt\/sceav\/wp-content\/uploads\/sites\/31\/2024\/03\/Encontro-Porto-819x1024.png 819w, https:\/\/stnr.aps.pt\/sceav\/wp-content\/uploads\/sites\/31\/2024\/03\/Encontro-Porto.png 1080w\" data-sizes=\"auto\" data-orig-sizes=\"(max-width: 240px) 100vw, 240px\" \/><\/p>\n<p>8 de julho de 2025, das 15h \u00e0s 17h<\/p>\n<p>Cooperativa CRESA\u00c7OR (Faj\u00e3 de Baixo, Ponta Delgada)<\/p>\n<p><img decoding=\"async\" class=\"lazyload alignnone size-medium wp-image-1048\" src=\"https:\/\/stnr.aps.pt\/sceav\/wp-content\/uploads\/sites\/31\/2025\/05\/Praticas-Identidades-240x300.png\" data-orig-src=\"https:\/\/stnr.aps.pt\/sceav\/wp-content\/uploads\/sites\/31\/2025\/05\/Praticas-Identidades-240x300.png\" alt=\"\" width=\"240\" height=\"300\" srcset=\"data:image\/svg+xml,%3Csvg%20xmlns%3D%27http%3A%2F%2Fwww.w3.org%2F2000%2Fsvg%27%20width%3D%27240%27%20height%3D%27300%27%20viewBox%3D%270%200%20240%20300%27%3E%3Crect%20width%3D%27240%27%20height%3D%27300%27%20fill-opacity%3D%220%22%2F%3E%3C%2Fsvg%3E\" data-srcset=\"https:\/\/stnr.aps.pt\/sceav\/wp-content\/uploads\/sites\/31\/2025\/05\/Praticas-Identidades-200x250.png 200w, https:\/\/stnr.aps.pt\/sceav\/wp-content\/uploads\/sites\/31\/2025\/05\/Praticas-Identidades-240x300.png 240w, https:\/\/stnr.aps.pt\/sceav\/wp-content\/uploads\/sites\/31\/2025\/05\/Praticas-Identidades-400x500.png 400w, https:\/\/stnr.aps.pt\/sceav\/wp-content\/uploads\/sites\/31\/2025\/05\/Praticas-Identidades-600x750.png 600w, https:\/\/stnr.aps.pt\/sceav\/wp-content\/uploads\/sites\/31\/2025\/05\/Praticas-Identidades-768x960.png 768w, https:\/\/stnr.aps.pt\/sceav\/wp-content\/uploads\/sites\/31\/2025\/05\/Praticas-Identidades-800x1000.png 800w, https:\/\/stnr.aps.pt\/sceav\/wp-content\/uploads\/sites\/31\/2025\/05\/Praticas-Identidades-819x1024.png 819w, https:\/\/stnr.aps.pt\/sceav\/wp-content\/uploads\/sites\/31\/2025\/05\/Praticas-Identidades.png 1080w\" data-sizes=\"auto\" data-orig-sizes=\"(max-width: 240px) 100vw, 240px\" \/><\/p>\n<p>17 de julho de 2025, \u00e0s 14.30<\/p>\n<p>Universidade Lus\u00f3fona (Espa\u00e7o Kuadro, Sala K2, Campo Grande 376)<\/p>\n<p><img decoding=\"async\" class=\"lazyload alignnone size-medium wp-image-1067\" src=\"https:\/\/stnr.aps.pt\/sceav\/wp-content\/uploads\/sites\/31\/2025\/07\/Grupo-discussao-LX-APS-ST-SCEAV-240x300.png\" data-orig-src=\"https:\/\/stnr.aps.pt\/sceav\/wp-content\/uploads\/sites\/31\/2025\/07\/Grupo-discussao-LX-APS-ST-SCEAV-240x300.png\" alt=\"\" width=\"240\" height=\"300\" srcset=\"data:image\/svg+xml,%3Csvg%20xmlns%3D%27http%3A%2F%2Fwww.w3.org%2F2000%2Fsvg%27%20width%3D%27240%27%20height%3D%27300%27%20viewBox%3D%270%200%20240%20300%27%3E%3Crect%20width%3D%27240%27%20height%3D%27300%27%20fill-opacity%3D%220%22%2F%3E%3C%2Fsvg%3E\" data-srcset=\"https:\/\/stnr.aps.pt\/sceav\/wp-content\/uploads\/sites\/31\/2025\/07\/Grupo-discussao-LX-APS-ST-SCEAV-200x250.png 200w, https:\/\/stnr.aps.pt\/sceav\/wp-content\/uploads\/sites\/31\/2025\/07\/Grupo-discussao-LX-APS-ST-SCEAV-240x300.png 240w, https:\/\/stnr.aps.pt\/sceav\/wp-content\/uploads\/sites\/31\/2025\/07\/Grupo-discussao-LX-APS-ST-SCEAV-400x500.png 400w, https:\/\/stnr.aps.pt\/sceav\/wp-content\/uploads\/sites\/31\/2025\/07\/Grupo-discussao-LX-APS-ST-SCEAV-600x750.png 600w, https:\/\/stnr.aps.pt\/sceav\/wp-content\/uploads\/sites\/31\/2025\/07\/Grupo-discussao-LX-APS-ST-SCEAV-768x960.png 768w, https:\/\/stnr.aps.pt\/sceav\/wp-content\/uploads\/sites\/31\/2025\/07\/Grupo-discussao-LX-APS-ST-SCEAV-800x1000.png 800w, https:\/\/stnr.aps.pt\/sceav\/wp-content\/uploads\/sites\/31\/2025\/07\/Grupo-discussao-LX-APS-ST-SCEAV-819x1024.png 819w, https:\/\/stnr.aps.pt\/sceav\/wp-content\/uploads\/sites\/31\/2025\/07\/Grupo-discussao-LX-APS-ST-SCEAV.png 1080w\" data-sizes=\"auto\" data-orig-sizes=\"(max-width: 240px) 100vw, 240px\" \/><\/p>\n<p>24 de novembro de 2025, 16.30<\/p>\n<p>Universidade de \u00c9vora, online<\/p>\n<p><img decoding=\"async\" class=\"lazyload alignnone size-medium wp-image-1106\" src=\"https:\/\/stnr.aps.pt\/sceav\/wp-content\/uploads\/sites\/31\/2026\/02\/Praticas-Identidades_Evora-240x300.jpg\" data-orig-src=\"https:\/\/stnr.aps.pt\/sceav\/wp-content\/uploads\/sites\/31\/2026\/02\/Praticas-Identidades_Evora-240x300.jpg\" alt=\"\" width=\"240\" height=\"300\" srcset=\"data:image\/svg+xml,%3Csvg%20xmlns%3D%27http%3A%2F%2Fwww.w3.org%2F2000%2Fsvg%27%20width%3D%27240%27%20height%3D%27300%27%20viewBox%3D%270%200%20240%20300%27%3E%3Crect%20width%3D%27240%27%20height%3D%27300%27%20fill-opacity%3D%220%22%2F%3E%3C%2Fsvg%3E\" data-srcset=\"https:\/\/stnr.aps.pt\/sceav\/wp-content\/uploads\/sites\/31\/2026\/02\/Praticas-Identidades_Evora-200x250.jpg 200w, https:\/\/stnr.aps.pt\/sceav\/wp-content\/uploads\/sites\/31\/2026\/02\/Praticas-Identidades_Evora-240x300.jpg 240w, https:\/\/stnr.aps.pt\/sceav\/wp-content\/uploads\/sites\/31\/2026\/02\/Praticas-Identidades_Evora-400x500.jpg 400w, https:\/\/stnr.aps.pt\/sceav\/wp-content\/uploads\/sites\/31\/2026\/02\/Praticas-Identidades_Evora-600x750.jpg 600w, https:\/\/stnr.aps.pt\/sceav\/wp-content\/uploads\/sites\/31\/2026\/02\/Praticas-Identidades_Evora-768x960.jpg 768w, https:\/\/stnr.aps.pt\/sceav\/wp-content\/uploads\/sites\/31\/2026\/02\/Praticas-Identidades_Evora-800x1000.jpg 800w, https:\/\/stnr.aps.pt\/sceav\/wp-content\/uploads\/sites\/31\/2026\/02\/Praticas-Identidades_Evora-819x1024.jpg 819w, https:\/\/stnr.aps.pt\/sceav\/wp-content\/uploads\/sites\/31\/2026\/02\/Praticas-Identidades_Evora.jpg 1080w\" data-sizes=\"auto\" data-orig-sizes=\"(max-width: 240px) 100vw, 240px\" \/><\/p>\n<p>5 de fevereiro de 2026, \u00e0s 15h<\/p>\n<p>Universidade do Minho, online<\/p>\n<p><img decoding=\"async\" class=\"lazyload alignnone size-medium wp-image-1103\" src=\"https:\/\/stnr.aps.pt\/sceav\/wp-content\/uploads\/sites\/31\/2026\/02\/Praticas-Identidades_Minho-240x300.jpg\" data-orig-src=\"https:\/\/stnr.aps.pt\/sceav\/wp-content\/uploads\/sites\/31\/2026\/02\/Praticas-Identidades_Minho-240x300.jpg\" alt=\"\" width=\"240\" height=\"300\" srcset=\"data:image\/svg+xml,%3Csvg%20xmlns%3D%27http%3A%2F%2Fwww.w3.org%2F2000%2Fsvg%27%20width%3D%27240%27%20height%3D%27300%27%20viewBox%3D%270%200%20240%20300%27%3E%3Crect%20width%3D%27240%27%20height%3D%27300%27%20fill-opacity%3D%220%22%2F%3E%3C%2Fsvg%3E\" data-srcset=\"https:\/\/stnr.aps.pt\/sceav\/wp-content\/uploads\/sites\/31\/2026\/02\/Praticas-Identidades_Minho-200x250.jpg 200w, https:\/\/stnr.aps.pt\/sceav\/wp-content\/uploads\/sites\/31\/2026\/02\/Praticas-Identidades_Minho-240x300.jpg 240w, https:\/\/stnr.aps.pt\/sceav\/wp-content\/uploads\/sites\/31\/2026\/02\/Praticas-Identidades_Minho-400x500.jpg 400w, https:\/\/stnr.aps.pt\/sceav\/wp-content\/uploads\/sites\/31\/2026\/02\/Praticas-Identidades_Minho-600x750.jpg 600w, https:\/\/stnr.aps.pt\/sceav\/wp-content\/uploads\/sites\/31\/2026\/02\/Praticas-Identidades_Minho-768x960.jpg 768w, https:\/\/stnr.aps.pt\/sceav\/wp-content\/uploads\/sites\/31\/2026\/02\/Praticas-Identidades_Minho-800x1000.jpg 800w, https:\/\/stnr.aps.pt\/sceav\/wp-content\/uploads\/sites\/31\/2026\/02\/Praticas-Identidades_Minho-819x1024.jpg 819w, https:\/\/stnr.aps.pt\/sceav\/wp-content\/uploads\/sites\/31\/2026\/02\/Praticas-Identidades_Minho.jpg 1080w\" data-sizes=\"auto\" data-orig-sizes=\"(max-width: 240px) 100vw, 240px\" \/><\/p>\n<p>26 de fevereiro de 2026, 15h<\/p>\n<p>Universidade do Algarve, online<\/p>\n<p><img decoding=\"async\" class=\"lazyload alignnone size-medium wp-image-1104\" src=\"https:\/\/stnr.aps.pt\/sceav\/wp-content\/uploads\/sites\/31\/2026\/02\/Praticas-Identidades_Algarve-240x300.jpg\" data-orig-src=\"https:\/\/stnr.aps.pt\/sceav\/wp-content\/uploads\/sites\/31\/2026\/02\/Praticas-Identidades_Algarve-240x300.jpg\" alt=\"\" width=\"240\" height=\"300\" srcset=\"data:image\/svg+xml,%3Csvg%20xmlns%3D%27http%3A%2F%2Fwww.w3.org%2F2000%2Fsvg%27%20width%3D%27240%27%20height%3D%27300%27%20viewBox%3D%270%200%20240%20300%27%3E%3Crect%20width%3D%27240%27%20height%3D%27300%27%20fill-opacity%3D%220%22%2F%3E%3C%2Fsvg%3E\" data-srcset=\"https:\/\/stnr.aps.pt\/sceav\/wp-content\/uploads\/sites\/31\/2026\/02\/Praticas-Identidades_Algarve-200x250.jpg 200w, https:\/\/stnr.aps.pt\/sceav\/wp-content\/uploads\/sites\/31\/2026\/02\/Praticas-Identidades_Algarve-240x300.jpg 240w, https:\/\/stnr.aps.pt\/sceav\/wp-content\/uploads\/sites\/31\/2026\/02\/Praticas-Identidades_Algarve-400x500.jpg 400w, https:\/\/stnr.aps.pt\/sceav\/wp-content\/uploads\/sites\/31\/2026\/02\/Praticas-Identidades_Algarve-600x750.jpg 600w, https:\/\/stnr.aps.pt\/sceav\/wp-content\/uploads\/sites\/31\/2026\/02\/Praticas-Identidades_Algarve-768x960.jpg 768w, https:\/\/stnr.aps.pt\/sceav\/wp-content\/uploads\/sites\/31\/2026\/02\/Praticas-Identidades_Algarve-800x1000.jpg 800w, https:\/\/stnr.aps.pt\/sceav\/wp-content\/uploads\/sites\/31\/2026\/02\/Praticas-Identidades_Algarve-819x1024.jpg 819w, https:\/\/stnr.aps.pt\/sceav\/wp-content\/uploads\/sites\/31\/2026\/02\/Praticas-Identidades_Algarve.jpg 1080w\" data-sizes=\"auto\" data-orig-sizes=\"(max-width: 240px) 100vw, 240px\" \/><\/p>\n","protected":false},"excerpt":{"rendered":"<p>A SCEAV realiza uma investiga\u00e7\u00e3o sobre as pr\u00e1ticas dos e das profissionais de sociologia que interv\u00eam em organiza\u00e7\u00f5es e iniciativas de economia social e solid\u00e1ria, voluntariado e sociedade civil ou mesmo em organismos p\u00fablicos, desde que desempenhando fun\u00e7\u00f5es relacionadas com estes temas. No \u00e2mbito desta investiga\u00e7\u00e3o ser\u00e3o realizados v\u00e1rios encontros entre profissionais, ativistas e investigadores\/as <a href=\"https:\/\/stnr.aps.pt\/sceav\/projetos-de-investigacao\/praticas-profissionais-da-sociologia\/\"> [&#8230;]<\/a><\/p>\n","protected":false},"author":17,"featured_media":0,"parent":765,"menu_order":0,"comment_status":"closed","ping_status":"closed","template":"","meta":{"footnotes":""},"class_list":["post-1025","page","type-page","status-publish","hentry"],"_links":{"self":[{"href":"https:\/\/stnr.aps.pt\/sceav\/wp-json\/wp\/v2\/pages\/1025","targetHints":{"allow":["GET"]}}],"collection":[{"href":"https:\/\/stnr.aps.pt\/sceav\/wp-json\/wp\/v2\/pages"}],"about":[{"href":"https:\/\/stnr.aps.pt\/sceav\/wp-json\/wp\/v2\/types\/page"}],"author":[{"embeddable":true,"href":"https:\/\/stnr.aps.pt\/sceav\/wp-json\/wp\/v2\/users\/17"}],"replies":[{"embeddable":true,"href":"https:\/\/stnr.aps.pt\/sceav\/wp-json\/wp\/v2\/comments?post=1025"}],"version-history":[{"count":9,"href":"https:\/\/stnr.aps.pt\/sceav\/wp-json\/wp\/v2\/pages\/1025\/revisions"}],"predecessor-version":[{"id":1107,"href":"https:\/\/stnr.aps.pt\/sceav\/wp-json\/wp\/v2\/pages\/1025\/revisions\/1107"}],"up":[{"embeddable":true,"href":"https:\/\/stnr.aps.pt\/sceav\/wp-json\/wp\/v2\/pages\/765"}],"wp:attachment":[{"href":"https:\/\/stnr.aps.pt\/sceav\/wp-json\/wp\/v2\/media?parent=1025"}],"curies":[{"name":"wp","href":"https:\/\/api.w.org\/{rel}","templated":true}]}}