{"id":734,"date":"2023-11-11T15:21:34","date_gmt":"2023-11-11T15:21:34","guid":{"rendered":"https:\/\/stnr.aps.pt\/pobreza-exclusao-politicas-sociais\/?page_id=734"},"modified":"2024-09-24T12:14:29","modified_gmt":"2024-09-24T12:14:29","slug":"coloquio-politicas-de-combate-a-pobreza-e-exclusao-em-portugal-debates-e-reconfiguracoes-27-11-2015","status":"publish","type":"page","link":"https:\/\/stnr.aps.pt\/pobreza-exclusao-politicas-sociais\/coloquio-politicas-de-combate-a-pobreza-e-exclusao-em-portugal-debates-e-reconfiguracoes-27-11-2015\/","title":{"rendered":"Pol\u00edticas de combate \u00e0 pobreza e exclus\u00e3o em Portugal (27-11-2015)\u00a0"},"content":{"rendered":"<h1 style=\"text-align: center\">Col\u00f3quio &#8220;Pol\u00edticas de combate \u00e0 pobreza e exclus\u00e3o em Portugal: debates e (re)configura\u00e7\u00f5es&#8221;<\/h1>\n<h2 style=\"text-align: center\"><img decoding=\"async\" class=\"lazyload aligncenter size-medium wp-image-735\" src=\"https:\/\/stnr.aps.pt\/pobreza-exclusao-politicas-sociais\/wp-content\/uploads\/sites\/28\/2023\/11\/Captura-de-ecra-2023-11-11-141534-300x198.png\" data-orig-src=\"https:\/\/stnr.aps.pt\/pobreza-exclusao-politicas-sociais\/wp-content\/uploads\/sites\/28\/2023\/11\/Captura-de-ecra-2023-11-11-141534-300x198.png\" alt=\"\" width=\"300\" height=\"198\" srcset=\"data:image\/svg+xml,%3Csvg%20xmlns%3D%27http%3A%2F%2Fwww.w3.org%2F2000%2Fsvg%27%20width%3D%27300%27%20height%3D%27198%27%20viewBox%3D%270%200%20300%20198%27%3E%3Crect%20width%3D%27300%27%20height%3D%27198%27%20fill-opacity%3D%220%22%2F%3E%3C%2Fsvg%3E\" data-srcset=\"https:\/\/stnr.aps.pt\/pobreza-exclusao-politicas-sociais\/wp-content\/uploads\/sites\/28\/2023\/11\/Captura-de-ecra-2023-11-11-141534-200x132.png 200w, https:\/\/stnr.aps.pt\/pobreza-exclusao-politicas-sociais\/wp-content\/uploads\/sites\/28\/2023\/11\/Captura-de-ecra-2023-11-11-141534-300x198.png 300w, https:\/\/stnr.aps.pt\/pobreza-exclusao-politicas-sociais\/wp-content\/uploads\/sites\/28\/2023\/11\/Captura-de-ecra-2023-11-11-141534-400x264.png 400w, https:\/\/stnr.aps.pt\/pobreza-exclusao-politicas-sociais\/wp-content\/uploads\/sites\/28\/2023\/11\/Captura-de-ecra-2023-11-11-141534-600x397.png 600w, https:\/\/stnr.aps.pt\/pobreza-exclusao-politicas-sociais\/wp-content\/uploads\/sites\/28\/2023\/11\/Captura-de-ecra-2023-11-11-141534.png 752w\" data-sizes=\"auto\" data-orig-sizes=\"(max-width: 300px) 100vw, 300px\" \/><\/h2>\n<p style=\"text-align: center\">Consulte <a href=\"https:\/\/stnr.aps.pt\/pobreza-exclusao-politicas-sociais\/coloquio-politicas-de-combate-a-pobreza-e-exclusao-em-portugal-debates-e-reconfiguracoes-27-11-2015\/programa_coloquio-pobreza-2015\/\" target=\"_blank\" rel=\"attachment noopener wp-att-736\">aqui<\/a> o programa<\/p>\n","protected":false},"excerpt":{"rendered":"<p>Col\u00f3quio &#8220;Pol\u00edticas de combate \u00e0 pobreza e exclus\u00e3o em Portugal: debates e (re)configura\u00e7\u00f5es&#8221; Consulte aqui o programa<\/p>\n","protected":false},"author":14,"featured_media":0,"parent":0,"menu_order":0,"comment_status":"closed","ping_status":"closed","template":"","meta":{"footnotes":""},"class_list":["post-734","page","type-page","status-publish","hentry"],"_links":{"self":[{"href":"https:\/\/stnr.aps.pt\/pobreza-exclusao-politicas-sociais\/wp-json\/wp\/v2\/pages\/734","targetHints":{"allow":["GET"]}}],"collection":[{"href":"https:\/\/stnr.aps.pt\/pobreza-exclusao-politicas-sociais\/wp-json\/wp\/v2\/pages"}],"about":[{"href":"https:\/\/stnr.aps.pt\/pobreza-exclusao-politicas-sociais\/wp-json\/wp\/v2\/types\/page"}],"author":[{"embeddable":true,"href":"https:\/\/stnr.aps.pt\/pobreza-exclusao-politicas-sociais\/wp-json\/wp\/v2\/users\/14"}],"replies":[{"embeddable":true,"href":"https:\/\/stnr.aps.pt\/pobreza-exclusao-politicas-sociais\/wp-json\/wp\/v2\/comments?post=734"}],"version-history":[{"count":5,"href":"https:\/\/stnr.aps.pt\/pobreza-exclusao-politicas-sociais\/wp-json\/wp\/v2\/pages\/734\/revisions"}],"predecessor-version":[{"id":882,"href":"https:\/\/stnr.aps.pt\/pobreza-exclusao-politicas-sociais\/wp-json\/wp\/v2\/pages\/734\/revisions\/882"}],"wp:attachment":[{"href":"https:\/\/stnr.aps.pt\/pobreza-exclusao-politicas-sociais\/wp-json\/wp\/v2\/media?parent=734"}],"curies":[{"name":"wp","href":"https:\/\/api.w.org\/{rel}","templated":true}]}}