{"id":348,"date":"2021-07-01T16:45:40","date_gmt":"2021-07-01T16:45:40","guid":{"rendered":"https:\/\/stnr.aps.pt\/conhecimento-ciencia-tecnologia\/?page_id=348"},"modified":"2023-10-23T08:14:16","modified_gmt":"2023-10-23T08:14:16","slug":"mensagem-de-boas-vindas","status":"publish","type":"page","link":"https:\/\/stnr.aps.pt\/conhecimento-ciencia-tecnologia\/mensagem-de-boas-vindas\/","title":{"rendered":"mensagem de boas vindas"},"content":{"rendered":"<div class=\"fusion-fullwidth fullwidth-box fusion-builder-row-1 fusion-flex-container nonhundred-percent-fullwidth non-hundred-percent-height-scrolling\" style=\"--awb-border-radius-top-left:0px;--awb-border-radius-top-right:0px;--awb-border-radius-bottom-right:0px;--awb-border-radius-bottom-left:0px;--awb-flex-wrap:wrap;\" ><div class=\"fusion-builder-row fusion-row fusion-flex-align-items-flex-start fusion-flex-content-wrap\" style=\"max-width:calc( 1100px + 0px );margin-left: calc(-0px \/ 2 );margin-right: calc(-0px \/ 2 );\"><div class=\"fusion-layout-column fusion_builder_column fusion-builder-column-0 fusion_builder_column_1_1 1_1 fusion-flex-column\" style=\"--awb-bg-size:cover;--awb-width-large:100%;--awb-margin-top-large:0px;--awb-spacing-right-large:0px;--awb-margin-bottom-large:0px;--awb-spacing-left-large:0px;--awb-width-medium:100%;--awb-spacing-right-medium:0px;--awb-spacing-left-medium:0px;--awb-width-small:100%;--awb-spacing-right-small:0px;--awb-spacing-left-small:0px;\"><div class=\"fusion-column-wrapper fusion-flex-justify-content-flex-start fusion-content-layout-column\"><div class=\"fusion-text fusion-text-1\"><p>Estimados\/as colegas, <i><span>(english version below)<\/span><\/i><\/p>\n<p>\u00c9 com grande prazer e entusiasmo que assumimos a responsabilidade de coordenar a Sec\u00e7\u00e3o Tem\u00e1tica de Conhecimento, Ci\u00eancia e Tecnologia da Associa\u00e7\u00e3o Portuguesa de Sociologia (APS) durante os pr\u00f3ximos quatro anos.<br \/><span style=\"color: var(--body_typography-color);font-family: var(--body_typography-font-family);font-size: var(--body_typography-font-size);font-weight: var(--body_typography-font-weight);letter-spacing: var(--body_typography-letter-spacing)\">Neste per\u00edodo, pretendemos estimular e atualizar os debates sobre os estudos sociais da ci\u00eancia e tecnologia em e sobre Portugal, envolvendo todos os acad\u00e9micos interessados nesta \u00e1rea tem\u00e1tica, incluindo as novas gera\u00e7\u00f5es, e ampliando o di\u00e1logo com outras redes que trabalham em \u00e1reas pr\u00f3ximas, mas que n\u00e3o t\u00eam a sociologia como disciplina de origem.<br \/><\/span><span style=\"color: var(--body_typography-color);font-family: var(--body_typography-font-family);font-size: var(--body_typography-font-size);font-weight: var(--body_typography-font-weight);letter-spacing: var(--body_typography-letter-spacing)\">Temos por objetivo discutir as articula\u00e7\u00f5es dos estudos sociais da ci\u00eancia e tecnologia em e sobre Portugal com as crises locais e globais; estimular debates mais amplos com a produ\u00e7\u00e3o cient\u00edfica do Sul e do Norte global; e refletir sobre como \u00e9 que a comunidade epist\u00e9mica que se autoidentifica com os estudos sociais da ci\u00eancia e tecnologia \u2013 incluindo todos\/as os\/as que se encontram formalmente associados\/as a esta se\u00e7\u00e3o tem\u00e1tica, mas tamb\u00e9m aqueles\/as que n\u00e3o se encontram associados\/as &#8211; imagina o futuro.<br \/><\/span><span style=\"color: var(--body_typography-color);font-family: var(--body_typography-font-family);font-size: var(--body_typography-font-size);font-weight: var(--body_typography-font-weight);letter-spacing: var(--body_typography-letter-spacing)\">Estamos muito entusiasmadas com o in\u00edcio deste trabalho em equipa e com as potencialidades do mesmo para a consolida\u00e7\u00e3o da comunidade de Estudos Sociais de Ci\u00eancia e Tecnologia . Estamos unidas por uma miss\u00e3o e vis\u00e3o partilhadas e muito motivadas para a sua concretiza\u00e7\u00e3o. Iniciamos, assim, estes quatro anos com muita curiosidade e com vontade de fomentar sinergias. Acreditamos que este \u00e9 um ponto de partida muito promissor. Estamos gratas por trabalhar tendo como base o terreno f\u00e9rtil que as anteriores coordenadores e membros da Se\u00e7\u00e3o Tem\u00e1tica constru\u00edram.<\/span><\/p>\n<p>Ana, Nina e Rafaela<\/p>\n<p>Dear all, <\/p>\n<\/p>\n<p><span>It is with great pleasure and excitement that we assume the responsibility to chair the Thematic Section on Knowledge, Science and Technology of the Portuguese Sociological Association (Associa\u00e7\u00e3o Portuguesa de Sociologia \u2013 APS) for the upcoming four years.<\/span><br \/><span style=\"color: var(--body_typography-color);font-family: var(--body_typography-font-family);font-size: var(--body_typography-font-size);font-weight: var(--body_typography-font-weight);letter-spacing: var(--body_typography-letter-spacing)\"><span>We wish to stimulate and refresh debates on Science and Technology in and about Portugal. We aim to reach out, engage with and support young scholars interested in these areas. We have the ambition to expand the dialogue with other networks in this area which do similar work under different umbrellas, and with home disciplines other than sociology.<\/span><br \/><\/span><span style=\"color: var(--body_typography-color);font-family: var(--body_typography-font-family);font-size: var(--body_typography-font-size);font-weight: var(--body_typography-font-weight);letter-spacing: var(--body_typography-letter-spacing)\"><span>We aim to move into new directions, by discussing the potential articulations of STS in and about Portugal with local and global crises; stimulating a wider debate with the global Southern and Northern STS scholarship and reflecting about what and how the epistemic community self-identifying with STS scholarship &#8211; organized within and beyond the thematic section &#8211; imagines as its own possible futures and to foster community building in these terms. You find the full programme below \/ attached.<\/span><br \/><\/span><span style=\"font-family: var(--body_typography-font-family);font-size: var(--body_typography-font-size);font-weight: var(--body_typography-font-weight);letter-spacing: var(--body_typography-letter-spacing)\">We are very enthusiastic to start this work as a team. The three of us are united by a shared mission and vision, highly motivated to collectively turn these into reality, and very much enjoy collaborating with each other. We are embarking in these four years withlots of curiosity, fun and joy, and eager to create synergies. This, we believe, is a very promising starting point. We are grateful that we can build on fertile ground that previous chairs and members of the Thematic Section have carried out.<\/span><\/p>\n<p><span style=\"font-family: var(--body_typography-font-family);font-size: var(--body_typography-font-size);font-weight: var(--body_typography-font-weight);letter-spacing: var(--body_typography-letter-spacing)\">Ana, Nina and Rafaela<\/span><\/p><\/p>\n<\/div><\/div><\/div><div class=\"fusion-layout-column fusion_builder_column fusion-builder-column-1 fusion_builder_column_1_1 1_1 fusion-flex-column\" style=\"--awb-bg-size:cover;--awb-width-large:100%;--awb-margin-top-large:0px;--awb-spacing-right-large:0px;--awb-margin-bottom-large:20px;--awb-spacing-left-large:0px;--awb-width-medium:100%;--awb-order-medium:0;--awb-spacing-right-medium:0px;--awb-spacing-left-medium:0px;--awb-width-small:100%;--awb-order-small:0;--awb-spacing-right-small:0px;--awb-spacing-left-small:0px;\"><div class=\"fusion-column-wrapper fusion-column-has-shadow fusion-flex-justify-content-flex-start fusion-content-layout-column\"><\/div><\/div><\/div><\/div>\n","protected":false},"excerpt":{"rendered":"","protected":false},"author":4,"featured_media":0,"parent":0,"menu_order":0,"comment_status":"closed","ping_status":"closed","template":"","meta":{"footnotes":""},"class_list":["post-348","page","type-page","status-publish","hentry"],"_links":{"self":[{"href":"https:\/\/stnr.aps.pt\/conhecimento-ciencia-tecnologia\/wp-json\/wp\/v2\/pages\/348","targetHints":{"allow":["GET"]}}],"collection":[{"href":"https:\/\/stnr.aps.pt\/conhecimento-ciencia-tecnologia\/wp-json\/wp\/v2\/pages"}],"about":[{"href":"https:\/\/stnr.aps.pt\/conhecimento-ciencia-tecnologia\/wp-json\/wp\/v2\/types\/page"}],"author":[{"embeddable":true,"href":"https:\/\/stnr.aps.pt\/conhecimento-ciencia-tecnologia\/wp-json\/wp\/v2\/users\/4"}],"replies":[{"embeddable":true,"href":"https:\/\/stnr.aps.pt\/conhecimento-ciencia-tecnologia\/wp-json\/wp\/v2\/comments?post=348"}],"version-history":[{"count":12,"href":"https:\/\/stnr.aps.pt\/conhecimento-ciencia-tecnologia\/wp-json\/wp\/v2\/pages\/348\/revisions"}],"predecessor-version":[{"id":792,"href":"https:\/\/stnr.aps.pt\/conhecimento-ciencia-tecnologia\/wp-json\/wp\/v2\/pages\/348\/revisions\/792"}],"wp:attachment":[{"href":"https:\/\/stnr.aps.pt\/conhecimento-ciencia-tecnologia\/wp-json\/wp\/v2\/media?parent=348"}],"curies":[{"name":"wp","href":"https:\/\/api.w.org\/{rel}","templated":true}]}}