{"id":18,"date":"2020-09-16T09:13:00","date_gmt":"2020-09-16T09:13:00","guid":{"rendered":"https:\/\/stnr.aps.pt\/conhecimento-ciencia-tecnologia\/?page_id=18"},"modified":"2026-02-09T13:35:54","modified_gmt":"2026-02-09T13:35:54","slug":"inicio","status":"publish","type":"page","link":"https:\/\/stnr.aps.pt\/conhecimento-ciencia-tecnologia\/","title":{"rendered":"in\u00edcio"},"content":{"rendered":"<p><div class=\"fusion-fullwidth fullwidth-box fusion-builder-row-1 fusion-flex-container nonhundred-percent-fullwidth non-hundred-percent-height-scrolling\" style=\"--awb-border-radius-top-left:0px;--awb-border-radius-top-right:0px;--awb-border-radius-bottom-right:0px;--awb-border-radius-bottom-left:0px;--awb-flex-wrap:wrap;\" ><div class=\"fusion-builder-row fusion-row fusion-flex-align-items-center fusion-flex-justify-content-center fusion-flex-content-wrap\" style=\"max-width:1144px;margin-left: calc(-4% \/ 2 );margin-right: calc(-4% \/ 2 );\"><div class=\"fusion-layout-column fusion_builder_column fusion-builder-column-0 fusion_builder_column_1_1 1_1 fusion-flex-column\" style=\"--awb-bg-size:cover;--awb-width-large:100%;--awb-margin-top-large:0px;--awb-spacing-right-large:1.92%;--awb-margin-bottom-large:20px;--awb-spacing-left-large:1.92%;--awb-width-medium:100%;--awb-order-medium:0;--awb-spacing-right-medium:1.92%;--awb-spacing-left-medium:1.92%;--awb-width-small:100%;--awb-order-small:0;--awb-spacing-right-small:1.92%;--awb-spacing-left-small:1.92%;\"><div class=\"fusion-column-wrapper fusion-column-has-shadow fusion-flex-justify-content-flex-start fusion-content-layout-column\"><div class=\"fusion-text fusion-text-1\"><h2 style=\"text-align: center\"><b data-fusion-font=\"true\" style=\"font-size: 20px\">CONHECIMENTO, CI\u00caNCIA E TECNOLOGIA NA APS<\/b><\/h2>\n<p style=\"text-align: justify\"><span style=\"font-weight: 400\">Bem-vindos e bem-vindas \u00e0 p\u00e1gina da Sec\u00e7\u00e3o Tem\u00e1tica de Conhecimento, Ci\u00eancia e Tecnologia da Associa\u00e7\u00e3o Portuguesa de Sociologia (APS). Convidamos todos e todas a explorar este site e a partilhar connosco as vossas cr\u00edticas e sugest\u00f5es.<br \/>\n<\/span><span style=\"color: var(--body_typography-color);font-family: var(--body_typography-font-family);font-size: var(--body_typography-font-size);font-weight: var(--body_typography-font-weight);letter-spacing: var(--body_typography-letter-spacing)\">A equipa de coordena\u00e7\u00e3o da sec\u00e7\u00e3o tem\u00e1tica,<br \/>\n<\/span><span style=\"color: var(--body_typography-color);font-family: var(--body_typography-font-family);font-size: var(--body_typography-font-size);font-weight: var(--body_typography-font-weight);letter-spacing: var(--body_typography-letter-spacing)\">Ana Ferreira, Nina Amelung e Rafaela Granja<\/span><\/p>\n<p>Welcome to the webpage of the Thematic Section on Knowledge, Science and Technology of the Portuguese Sociological Association (Associa\u00e7\u00e3o Portuguesa de Sociologia \u2013 APS). We invite you all to explore this website and share with us your critiques <span style=\"color: var(--body_typography-color);font-family: var(--body_typography-font-family);font-size: var(--body_typography-font-size);font-weight: var(--body_typography-font-weight);letter-spacing: var(--body_typography-letter-spacing)\">and suggestions.<br \/>\n<\/span><span style=\"color: var(--body_typography-color);font-family: var(--body_typography-font-family);font-size: var(--body_typography-font-size);font-weight: var(--body_typography-font-weight);letter-spacing: var(--body_typography-letter-spacing)\">The coordinating team,<br \/>\n<\/span><span style=\"font-family: var(--body_typography-font-family);letter-spacing: var(--body_typography-letter-spacing);font-weight: var(--body_typography-font-weight);font-size: var(--body_typography-font-size);color: var(--body_typography-color)\">Ana Ferreira, Nina Amelung e Rafaela Granja<\/span><\/p>\n<p><span style=\"font-family: var(--body_typography-font-family);letter-spacing: var(--body_typography-letter-spacing);font-weight: var(--body_typography-font-weight);font-size: var(--body_typography-font-size);color: var(--body_typography-color)\"> <\/span><\/p>\n<h2 style=\"text-align: center\"><b data-fusion-font=\"true\"><span style=\"font-size: 20px\">EVENTOS CIENT\u00cdFICOS<\/span><\/b><b data-fusion-font=\"true\" style=\"font-size: 22px;color: var(--awb-color5)\"><br \/><\/b><\/h2>\n<p style=\"text-align: center\"><b data-fusion-font=\"true\" style=\"font-size: 22px\"><font color=\"rgba(0, 0, 0, 0)\"><span>Semin\u00e1rio<\/span><\/font><font color=\"#298f90\"><br \/><\/font><\/b><b data-fusion-font=\"true\" style=\"font-size: 22px\">Necro-extractivism: Algorithmic Warfare, \u201cKill Clouds\u201d, and the Racial Political Economy of Security Imperialism<\/b><\/p>\n<h2 style=\"text-align: center\">\n<p>In<span data-fusion-font=\"true\" style=\"line-height: 6px\">stituto de Ci\u00eancias Sociais, <\/span><span style=\"line-height: 6px\" data-fusion-font=\"true\">Universidade de Lisboa, <\/span><span>Sala 3 e online<\/span><span><br \/><\/span><span>18 de mar\u00e7o 2026<br \/><\/span><span>11h-13h<\/span><\/p>\n<p><b style=\"color: var(--h2_typography-color);font-family: var(--h2_typography-font-family);font-size: var(--h2_typography-font-size);letter-spacing: var(--h2_typography-letter-spacing)\"><\/b><\/p>\n<\/h2>\n<\/div><\/div><\/div><\/div><\/div><div class=\"fusion-fullwidth fullwidth-box fusion-builder-row-2 fusion-flex-container has-pattern-background has-mask-background nonhundred-percent-fullwidth non-hundred-percent-height-scrolling\" style=\"--awb-border-radius-top-left:0px;--awb-border-radius-top-right:0px;--awb-border-radius-bottom-right:0px;--awb-border-radius-bottom-left:0px;--awb-flex-wrap:wrap;\" ><div class=\"fusion-builder-row fusion-row fusion-flex-align-items-flex-start fusion-flex-content-wrap\" style=\"max-width:1144px;margin-left: calc(-4% \/ 2 );margin-right: calc(-4% \/ 2 );\"><div class=\"fusion-layout-column fusion_builder_column fusion-builder-column-1 fusion_builder_column_1_3 1_3 fusion-flex-column\" style=\"--awb-bg-size:cover;--awb-width-large:33.333333333333%;--awb-margin-top-large:0px;--awb-spacing-right-large:5.76%;--awb-margin-bottom-large:20px;--awb-spacing-left-large:5.76%;--awb-width-medium:33.333333333333%;--awb-order-medium:0;--awb-spacing-right-medium:5.76%;--awb-spacing-left-medium:5.76%;--awb-width-small:100%;--awb-order-small:0;--awb-spacing-right-small:1.92%;--awb-spacing-left-small:1.92%;\"><div class=\"fusion-column-wrapper fusion-column-has-shadow fusion-flex-justify-content-flex-start fusion-content-layout-column\"><\/div><\/div><div class=\"fusion-layout-column fusion_builder_column fusion-builder-column-2 fusion_builder_column_1_3 1_3 fusion-flex-column fusion-flex-align-self-stretch\" style=\"--awb-bg-size:cover;--awb-width-large:33.333333333333%;--awb-margin-top-large:0px;--awb-spacing-right-large:5.76%;--awb-margin-bottom-large:20px;--awb-spacing-left-large:5.76%;--awb-width-medium:33.333333333333%;--awb-order-medium:0;--awb-spacing-right-medium:5.76%;--awb-spacing-left-medium:5.76%;--awb-width-small:100%;--awb-order-small:0;--awb-spacing-right-small:1.92%;--awb-spacing-left-small:1.92%;\"><div class=\"fusion-column-wrapper fusion-column-has-shadow fusion-flex-justify-content-space-around fusion-content-layout-column\"><div class=\"fusion-image-element \" style=\"text-align:center;--awb-caption-title-font-family:var(--h2_typography-font-family);--awb-caption-title-font-weight:var(--h2_typography-font-weight);--awb-caption-title-font-style:var(--h2_typography-font-style);--awb-caption-title-size:var(--h2_typography-font-size);--awb-caption-title-transform:var(--h2_typography-text-transform);--awb-caption-title-line-height:var(--h2_typography-line-height);--awb-caption-title-letter-spacing:var(--h2_typography-letter-spacing);\"><span class=\" fusion-imageframe imageframe-dropshadow imageframe-1 hover-type-none\" style=\"-webkit-box-shadow: 3px 3px 7px rgba(0,0,0,0.3);box-shadow: 3px 3px 7px rgba(0,0,0,0.3);\"><img decoding=\"async\" width=\"208\" height=\"300\" title=\"Cartaz_Seminario_19_Marco_Norma_Mollers_\" src=\"https:\/\/stnr.aps.pt\/conhecimento-ciencia-tecnologia\/wp-content\/uploads\/sites\/22\/2026\/02\/Cartaz_Seminario_19_Marco_Norma_Mollers_.jpg\" data-orig-src=\"https:\/\/stnr.aps.pt\/conhecimento-ciencia-tecnologia\/wp-content\/uploads\/sites\/22\/2026\/02\/Cartaz_Seminario_19_Marco_Norma_Mollers_-208x300.jpg\" alt class=\"lazyload img-responsive wp-image-953\" srcset=\"data:image\/svg+xml,%3Csvg%20xmlns%3D%27http%3A%2F%2Fwww.w3.org%2F2000%2Fsvg%27%20width%3D%271125%27%20height%3D%271625%27%20viewBox%3D%270%200%201125%201625%27%3E%3Crect%20width%3D%271125%27%20height%3D%271625%27%20fill-opacity%3D%220%22%2F%3E%3C%2Fsvg%3E\" data-srcset=\"https:\/\/stnr.aps.pt\/conhecimento-ciencia-tecnologia\/wp-content\/uploads\/sites\/22\/2026\/02\/Cartaz_Seminario_19_Marco_Norma_Mollers_-200x289.jpg 200w, https:\/\/stnr.aps.pt\/conhecimento-ciencia-tecnologia\/wp-content\/uploads\/sites\/22\/2026\/02\/Cartaz_Seminario_19_Marco_Norma_Mollers_-400x578.jpg 400w, https:\/\/stnr.aps.pt\/conhecimento-ciencia-tecnologia\/wp-content\/uploads\/sites\/22\/2026\/02\/Cartaz_Seminario_19_Marco_Norma_Mollers_-600x867.jpg 600w, https:\/\/stnr.aps.pt\/conhecimento-ciencia-tecnologia\/wp-content\/uploads\/sites\/22\/2026\/02\/Cartaz_Seminario_19_Marco_Norma_Mollers_-800x1156.jpg 800w, https:\/\/stnr.aps.pt\/conhecimento-ciencia-tecnologia\/wp-content\/uploads\/sites\/22\/2026\/02\/Cartaz_Seminario_19_Marco_Norma_Mollers_.jpg 1125w\" data-sizes=\"auto\" data-orig-sizes=\"(max-width: 640px) 100vw, 400px\" \/><\/span><\/div><\/div><\/div><div class=\"fusion-layout-column fusion_builder_column fusion-builder-column-3 fusion_builder_column_1_3 1_3 fusion-flex-column\" style=\"--awb-bg-size:cover;--awb-width-large:33.333333333333%;--awb-margin-top-large:0px;--awb-spacing-right-large:5.76%;--awb-margin-bottom-large:20px;--awb-spacing-left-large:5.76%;--awb-width-medium:33.333333333333%;--awb-order-medium:0;--awb-spacing-right-medium:5.76%;--awb-spacing-left-medium:5.76%;--awb-width-small:100%;--awb-order-small:0;--awb-spacing-right-small:1.92%;--awb-spacing-left-small:1.92%;\"><div class=\"fusion-column-wrapper fusion-column-has-shadow fusion-flex-justify-content-flex-start fusion-content-layout-column\"><\/div><\/div><\/div><\/div><\/p>\n","protected":false},"excerpt":{"rendered":"","protected":false},"author":1,"featured_media":0,"parent":0,"menu_order":0,"comment_status":"closed","ping_status":"closed","template":"","meta":{"footnotes":""},"class_list":["post-18","page","type-page","status-publish","hentry"],"_links":{"self":[{"href":"https:\/\/stnr.aps.pt\/conhecimento-ciencia-tecnologia\/wp-json\/wp\/v2\/pages\/18","targetHints":{"allow":["GET"]}}],"collection":[{"href":"https:\/\/stnr.aps.pt\/conhecimento-ciencia-tecnologia\/wp-json\/wp\/v2\/pages"}],"about":[{"href":"https:\/\/stnr.aps.pt\/conhecimento-ciencia-tecnologia\/wp-json\/wp\/v2\/types\/page"}],"author":[{"embeddable":true,"href":"https:\/\/stnr.aps.pt\/conhecimento-ciencia-tecnologia\/wp-json\/wp\/v2\/users\/1"}],"replies":[{"embeddable":true,"href":"https:\/\/stnr.aps.pt\/conhecimento-ciencia-tecnologia\/wp-json\/wp\/v2\/comments?post=18"}],"version-history":[{"count":181,"href":"https:\/\/stnr.aps.pt\/conhecimento-ciencia-tecnologia\/wp-json\/wp\/v2\/pages\/18\/revisions"}],"predecessor-version":[{"id":956,"href":"https:\/\/stnr.aps.pt\/conhecimento-ciencia-tecnologia\/wp-json\/wp\/v2\/pages\/18\/revisions\/956"}],"wp:attachment":[{"href":"https:\/\/stnr.aps.pt\/conhecimento-ciencia-tecnologia\/wp-json\/wp\/v2\/media?parent=18"}],"curies":[{"name":"wp","href":"https:\/\/api.w.org\/{rel}","templated":true}]}}