{"id":766,"date":"2022-11-12T18:14:43","date_gmt":"2022-11-12T18:14:43","guid":{"rendered":"https:\/\/stnr.aps.pt\/classes-desigualdades-politicas-publicas\/?page_id=766"},"modified":"2024-04-17T13:48:02","modified_gmt":"2024-04-17T13:48:02","slug":"organizacao-2","status":"publish","type":"page","link":"https:\/\/stnr.aps.pt\/classes-desigualdades-politicas-publicas\/organizacao-2\/","title":{"rendered":"equipa"},"content":{"rendered":"<div class=\"fusion-fullwidth fullwidth-box fusion-builder-row-1 fusion-flex-container nonhundred-percent-fullwidth non-hundred-percent-height-scrolling\" style=\"--awb-border-radius-top-left:0px;--awb-border-radius-top-right:0px;--awb-border-radius-bottom-right:0px;--awb-border-radius-bottom-left:0px;--awb-flex-wrap:wrap;\" ><div class=\"fusion-builder-row fusion-row fusion-flex-align-items-flex-start fusion-flex-content-wrap\" style=\"max-width:1144px;margin-left: calc(-4% \/ 2 );margin-right: calc(-4% \/ 2 );\"><div class=\"fusion-layout-column fusion_builder_column fusion-builder-column-0 fusion_builder_column_1_1 1_1 fusion-flex-column\" style=\"--awb-bg-size:cover;--awb-width-large:100%;--awb-margin-top-large:0px;--awb-spacing-right-large:1.92%;--awb-margin-bottom-large:20px;--awb-spacing-left-large:1.92%;--awb-width-medium:100%;--awb-order-medium:0;--awb-spacing-right-medium:1.92%;--awb-spacing-left-medium:1.92%;--awb-width-small:100%;--awb-order-small:0;--awb-spacing-right-small:1.92%;--awb-spacing-left-small:1.92%;\"><div class=\"fusion-column-wrapper fusion-column-has-shadow fusion-flex-justify-content-flex-start fusion-content-layout-column\"><div class=\"fusion-text fusion-text-1\"><p>Atual equipa coordenadora da Sec\u00e7\u00e3o Tem\u00e1tica &#8220;Classes, Desigualdades e Pol\u00edticas P\u00fablicas&#8221;<\/p>\n<ul>\n<li><strong>Jo\u00e3o Queir\u00f3s<\/strong><\/li>\n<\/ul>\n<p>Instituto Polit\u00e9cnico do Porto | contacto: jqueiros@letras.up.pt<\/p>\n<ul>\n<li><strong>Pedro Abrantes\u00a0<\/strong><\/li>\n<\/ul>\n<p>Universidade Aberta | contacto: pedro.abrantes@uab.pt<\/p>\n<ul>\n<li><strong>Sara Franco da Silva<\/strong><\/li>\n<\/ul>\n<p>Iscte-Instituto Universit\u00e1rio de Lisboa | contacto: sara_franco_silva@iscte-iul.pt<\/p>\n<\/div><div class=\"fusion-separator fusion-full-width-sep\" style=\"align-self: center;margin-left: auto;margin-right: auto;margin-top:10px;margin-bottom:10px;width:100%;\"><div class=\"fusion-separator-border sep-shadow\" style=\"--awb-height:20px;--awb-amount:20px;background:radial-gradient(ellipse at 50% -50% , #e0dede 0px, rgba(255, 255, 255, 0) 80%) repeat scroll 0 0 rgba(0, 0, 0, 0);background:-webkit-radial-gradient(ellipse at 50% -50% , #e0dede 0px, rgba(255, 255, 255, 0) 80%) repeat scroll 0 0 rgba(0, 0, 0, 0);background:-moz-radial-gradient(ellipse at 50% -50% , #e0dede 0px, rgba(255, 255, 255, 0) 80%) repeat scroll 0 0 rgba(0, 0, 0, 0);background:-o-radial-gradient(ellipse at 50% -50% , #e0dede 0px, rgba(255, 255, 255, 0) 80%) repeat scroll 0 0 rgba(0, 0, 0, 0);\"><\/div><\/div><div class=\"fusion-text fusion-text-2\"><p><strong>Equipas anteriores<\/strong><\/p>\n<p><strong>2018 &#8211; 2022<\/strong><\/p>\n<ul>\n<li><strong>Nuno Nunes<\/strong><\/li>\n<\/ul>\n<p>Iscte-Instituto Universit\u00e1rio de Lisboa | nuno.nunes@iscte-iul.pt<\/p>\n<ul>\n<li><strong>Jo\u00e3o Em\u00edlio Alves<\/strong><\/li>\n<\/ul>\n<p>Instituto Polit\u00e9cnico de Portalegre | j.alves@ipportalegre.pt<\/p>\n<ul>\n<li><strong>Sara Franco da Silva<\/strong> (a partir de 2022)<\/li>\n<\/ul>\n<p>Iscte-Instituto Universit\u00e1rio de Lisboa | sara_franco_silva@iscte-iul.pt<\/p>\n<p><strong>2014 &#8211; 2018<\/strong><\/p>\n<ul>\n<li><strong>Nuno Nunes<\/strong><\/li>\n<\/ul>\n<p>Iscte-Instituto Universit\u00e1rio de Lisboa | nuno.nunes@iscte-iul.pt<\/p>\n<ul>\n<li><strong>Jo\u00e3o Em\u00edlio Alves<\/strong><\/li>\n<\/ul>\n<p>Instituto Polit\u00e9cnico de Portalegre | j.alves@ipportalegre.pt<\/p>\n<ul>\n<li><strong>Cristina Rold\u00e3o<\/strong><\/li>\n<\/ul>\n<p>Iscte-Instituto Universit\u00e1rio de Lisboa | cristinaroldao1@gmail.com<\/p>\n<p><strong>2016 &#8211; 2014<\/strong><\/p>\n<ul>\n<li><strong>Nuno Nunes<\/strong><\/li>\n<\/ul>\n<p>Iscte-Instituto Universit\u00e1rio de Lisboa | nuno.nunes@iscte-iul.pt<\/p>\n<ul>\n<li><strong>Jo\u00e3o Em\u00edlio Alves<\/strong><\/li>\n<\/ul>\n<p>Instituto Polit\u00e9cnico de Portalegre | j.alves@ipportalegre.pt<\/p>\n<ul>\n<li><strong>Cristina Rold\u00e3o<\/strong><\/li>\n<\/ul>\n<p>Iscte-Instituto Universit\u00e1rio de Lisboa | cristinaroldao1@gmail.com<\/p>\n<p><strong>2009-2016<\/strong><\/p>\n<ul>\n<li><strong>Raquel Ribeiro<\/strong><\/li>\n<\/ul>\n<p>ISCSP, Universidade de Lisboa | rribeiro@iscsp.ulisboa.pt<\/p>\n<ul>\n<li><strong>Ros\u00e1rio Mauritti<\/strong><\/li>\n<\/ul>\n<p>Iscte-Instituto Universit\u00e1rio de Lisboa | rosario.mauritti@iscte-iul.pt<\/p>\n<ul>\n<li><strong>Nuno Nunes<\/strong><\/li>\n<\/ul>\n<p>Iscte-Instituto Universit\u00e1rio de Lisboa | nuno.nunes@iscte-iul.pt<\/p>\n<\/div><div class=\"fusion-separator fusion-full-width-sep\" style=\"align-self: center;margin-left: auto;margin-right: auto;margin-top:10px;margin-bottom:10px;width:100%;\"><div class=\"fusion-separator-border sep-shadow\" style=\"--awb-height:20px;--awb-amount:20px;background:radial-gradient(ellipse at 50% -50% , #e0dede 0px, rgba(255, 255, 255, 0) 80%) repeat scroll 0 0 rgba(0, 0, 0, 0);background:-webkit-radial-gradient(ellipse at 50% -50% , #e0dede 0px, rgba(255, 255, 255, 0) 80%) repeat scroll 0 0 rgba(0, 0, 0, 0);background:-moz-radial-gradient(ellipse at 50% -50% , #e0dede 0px, rgba(255, 255, 255, 0) 80%) repeat scroll 0 0 rgba(0, 0, 0, 0);background:-o-radial-gradient(ellipse at 50% -50% , #e0dede 0px, rgba(255, 255, 255, 0) 80%) repeat scroll 0 0 rgba(0, 0, 0, 0);\"><\/div><\/div><\/div><\/div><\/div><\/div>\n","protected":false},"excerpt":{"rendered":"","protected":false},"author":8,"featured_media":0,"parent":0,"menu_order":0,"comment_status":"closed","ping_status":"closed","template":"","meta":{"footnotes":""},"class_list":["post-766","page","type-page","status-publish","hentry"],"_links":{"self":[{"href":"https:\/\/stnr.aps.pt\/classes-desigualdades-politicas-publicas\/wp-json\/wp\/v2\/pages\/766","targetHints":{"allow":["GET"]}}],"collection":[{"href":"https:\/\/stnr.aps.pt\/classes-desigualdades-politicas-publicas\/wp-json\/wp\/v2\/pages"}],"about":[{"href":"https:\/\/stnr.aps.pt\/classes-desigualdades-politicas-publicas\/wp-json\/wp\/v2\/types\/page"}],"author":[{"embeddable":true,"href":"https:\/\/stnr.aps.pt\/classes-desigualdades-politicas-publicas\/wp-json\/wp\/v2\/users\/8"}],"replies":[{"embeddable":true,"href":"https:\/\/stnr.aps.pt\/classes-desigualdades-politicas-publicas\/wp-json\/wp\/v2\/comments?post=766"}],"version-history":[{"count":8,"href":"https:\/\/stnr.aps.pt\/classes-desigualdades-politicas-publicas\/wp-json\/wp\/v2\/pages\/766\/revisions"}],"predecessor-version":[{"id":1098,"href":"https:\/\/stnr.aps.pt\/classes-desigualdades-politicas-publicas\/wp-json\/wp\/v2\/pages\/766\/revisions\/1098"}],"wp:attachment":[{"href":"https:\/\/stnr.aps.pt\/classes-desigualdades-politicas-publicas\/wp-json\/wp\/v2\/media?parent=766"}],"curies":[{"name":"wp","href":"https:\/\/api.w.org\/{rel}","templated":true}]}}