{"id":677,"date":"2022-11-11T15:27:34","date_gmt":"2022-11-11T15:27:34","guid":{"rendered":"https:\/\/stnr.aps.pt\/classes-desigualdades-politicas-publicas\/?page_id=677"},"modified":"2023-01-12T15:23:58","modified_gmt":"2023-01-12T15:23:58","slug":"sobre","status":"publish","type":"page","link":"https:\/\/stnr.aps.pt\/classes-desigualdades-politicas-publicas\/sobre\/","title":{"rendered":"sobre a ST"},"content":{"rendered":"<div class=\"fusion-fullwidth fullwidth-box fusion-builder-row-1 fusion-flex-container nonhundred-percent-fullwidth non-hundred-percent-height-scrolling\" style=\"--awb-border-radius-top-left:0px;--awb-border-radius-top-right:0px;--awb-border-radius-bottom-right:0px;--awb-border-radius-bottom-left:0px;--awb-flex-wrap:wrap;\" ><div class=\"fusion-builder-row fusion-row fusion-flex-align-items-flex-start fusion-flex-content-wrap\" style=\"max-width:1144px;margin-left: calc(-4% \/ 2 );margin-right: calc(-4% \/ 2 );\"><div class=\"fusion-layout-column fusion_builder_column fusion-builder-column-0 fusion_builder_column_1_1 1_1 fusion-flex-column\" style=\"--awb-bg-size:cover;--awb-width-large:100%;--awb-margin-top-large:0px;--awb-spacing-right-large:1.92%;--awb-margin-bottom-large:0px;--awb-spacing-left-large:1.92%;--awb-width-medium:100%;--awb-spacing-right-medium:1.92%;--awb-spacing-left-medium:1.92%;--awb-width-small:100%;--awb-spacing-right-small:1.92%;--awb-spacing-left-small:1.92%;\"><div class=\"fusion-column-wrapper fusion-flex-justify-content-flex-start fusion-content-layout-column\"><div class=\"fusion-text fusion-text-1\"><p style=\"text-align: justify\">A Sec\u00e7\u00e3o <strong>Classes, Desigualdades e Pol\u00edticas P\u00fablicas<\/strong> prop\u00f5e-se como plataforma de comunica\u00e7\u00e3o e conflu\u00eancia das diferentes conce\u00e7\u00f5es te\u00f3rico-concetuais e de operacionaliza\u00e7\u00e3o referenci\u00e1veis nesta \u00e1rea problem\u00e1tica da Sociologia. Assume-se aqui a relev\u00e2ncia das perspetivas das Classes e Desigualdades Sociais, n\u00e3o apenas na produ\u00e7\u00e3o de conhecimento cient\u00edfico no campo da Sociologia, mas ainda na compreens\u00e3o de mecanismos de mudan\u00e7a social e de reconfigura\u00e7\u00e3o estrutural das sociedades atuais.<\/p>\n<p style=\"text-align: justify\">A Sec\u00e7\u00e3o foi constitu\u00edda a 15 de julho de 2009.<\/p>\n<\/div><div class=\"fusion-separator fusion-full-width-sep\" style=\"align-self: center;margin-left: auto;margin-right: auto;margin-top:15px;margin-bottom:15px;width:100%;\"><div class=\"fusion-separator-border sep-shadow\" style=\"--awb-height:20px;--awb-amount:20px;background:radial-gradient(ellipse at 50% -50% , #e0dede 0px, rgba(255, 255, 255, 0) 80%) repeat scroll 0 0 rgba(0, 0, 0, 0);background:-webkit-radial-gradient(ellipse at 50% -50% , #e0dede 0px, rgba(255, 255, 255, 0) 80%) repeat scroll 0 0 rgba(0, 0, 0, 0);background:-moz-radial-gradient(ellipse at 50% -50% , #e0dede 0px, rgba(255, 255, 255, 0) 80%) repeat scroll 0 0 rgba(0, 0, 0, 0);background:-o-radial-gradient(ellipse at 50% -50% , #e0dede 0px, rgba(255, 255, 255, 0) 80%) repeat scroll 0 0 rgba(0, 0, 0, 0);\"><\/div><\/div><div class=\"fusion-text fusion-text-2\"><p style=\"text-align: justify\">A constitui\u00e7\u00e3o da Sec\u00e7\u00e3o Tem\u00e1tica foi proposta em 2011 \u00e0 APS por 12 soci\u00f3logos de m\u00faltiplas institui\u00e7\u00f5es de ensino e de investiga\u00e7\u00e3o:<\/p>\n<p><strong>Ant\u00f3nio Firmino da Costa<\/strong> (CIES, ISCTE)<\/p>\n<p><strong>El\u00edsio Estanque<\/strong> (CES, FE, UC)<\/p>\n<p><strong>Fernando Lu\u00eds Machado<\/strong> (CIES, ISCTE)<\/p>\n<p><strong>Jo\u00e3o Ferreira de Almeida<\/strong> (CIES, ISCTE)<\/p>\n<p><strong>Jos\u00e9 Lu\u00eds Casanova<\/strong> (CIES, ISCTE)<\/p>\n<p><strong>Jos\u00e9 Madureira Pinto<\/strong> (FEP, UP)<\/p>\n<p><strong>Manuel Carlos Silva<\/strong> (ICS, UM)<\/p>\n<p><strong>Nuno Nunes<\/strong> (CIES, ISCTE)<\/p>\n<p><strong>Raquel Ribeiro<\/strong> (ISCSP)<\/p>\n<p><strong>Renato Miguel do Carmo<\/strong> (CIES, ISCTE)<\/p>\n<p><strong>Ros\u00e1rio Mauritti<\/strong> (CIES, ISCTE)<\/p>\n<p><strong>Susana da Cruz Martins<\/strong> (CIES, ISCTE)<\/p>\n<p><strong>Virg\u00edlio Borges Pereira<\/strong> (IS, FL, UP)<\/p>\n<\/div><div ><a class=\"fusion-button button-flat fusion-button-default-size button-default fusion-button-default button-1 fusion-button-default-span fusion-button-default-type\" target=\"_self\" href=\"https:\/\/iscteiul365-my.sharepoint.com\/:b:\/g\/personal\/sfsao_iscte-iul_pt\/ESwDLWFISd5BvdNbnv9-TOQBedxnGFb3uHTfXB-I7pnL6g?e=eZwFdU\"><span class=\"fusion-button-text awb-button__text awb-button__text--default\">Proposta de Constitui\u00e7\u00e3o da ST<\/span><\/a><\/div><\/div><\/div><\/div><\/div>\n","protected":false},"excerpt":{"rendered":"","protected":false},"author":8,"featured_media":0,"parent":0,"menu_order":0,"comment_status":"closed","ping_status":"closed","template":"","meta":{"footnotes":""},"class_list":["post-677","page","type-page","status-publish","hentry"],"_links":{"self":[{"href":"https:\/\/stnr.aps.pt\/classes-desigualdades-politicas-publicas\/wp-json\/wp\/v2\/pages\/677","targetHints":{"allow":["GET"]}}],"collection":[{"href":"https:\/\/stnr.aps.pt\/classes-desigualdades-politicas-publicas\/wp-json\/wp\/v2\/pages"}],"about":[{"href":"https:\/\/stnr.aps.pt\/classes-desigualdades-politicas-publicas\/wp-json\/wp\/v2\/types\/page"}],"author":[{"embeddable":true,"href":"https:\/\/stnr.aps.pt\/classes-desigualdades-politicas-publicas\/wp-json\/wp\/v2\/users\/8"}],"replies":[{"embeddable":true,"href":"https:\/\/stnr.aps.pt\/classes-desigualdades-politicas-publicas\/wp-json\/wp\/v2\/comments?post=677"}],"version-history":[{"count":11,"href":"https:\/\/stnr.aps.pt\/classes-desigualdades-politicas-publicas\/wp-json\/wp\/v2\/pages\/677\/revisions"}],"predecessor-version":[{"id":834,"href":"https:\/\/stnr.aps.pt\/classes-desigualdades-politicas-publicas\/wp-json\/wp\/v2\/pages\/677\/revisions\/834"}],"wp:attachment":[{"href":"https:\/\/stnr.aps.pt\/classes-desigualdades-politicas-publicas\/wp-json\/wp\/v2\/media?parent=677"}],"curies":[{"name":"wp","href":"https:\/\/api.w.org\/{rel}","templated":true}]}}

<div class="fusion-fullwidth fullwidth-box fusion-builder-row-1 fusion-flex-container nonhundred-percent-fullwidth non-hundred-percent-height-scrolling" style="--awb-border-radius-top-left:0px;--awb-border-radius-top-right:0px;--awb-border-radius-bottom-right:0px;--awb-border-radius-bottom-left:0px;--awb-flex-wrap:wrap;" ><div class="fusion-builder-row fusion-row fusion-flex-align-items-flex-start fusion-flex-content-wrap" style="max-width:1144px;margin-left: calc(-4% / 2 );margin-right: calc(-4% / 2 );"><div class="fusion-layout-column fusion_builder_column fusion-builder-column-0 fusion_builder_column_1_1 1_1 fusion-flex-column" style="--awb-bg-size:cover;--awb-width-large:100%;--awb-margin-top-large:0px;--awb-spacing-right-large:1.92%;--awb-margin-bottom-large:0px;--awb-spacing-left-large:1.92%;--awb-width-medium:100%;--awb-spacing-right-medium:1.92%;--awb-spacing-left-medium:1.92%;--awb-width-small:100%;--awb-spacing-right-small:1.92%;--awb-spacing-left-small:1.92%;"><div class="fusion-column-wrapper fusion-flex-justify-content-flex-start fusion-content-layout-column"><div class="fusion-text fusion-text-1"><p style="text-align: justify">A Secção <strong>Classes, Desigualdades e Políticas Públicas</strong> propõe-se como plataforma de comunicação e confluência das diferentes conceções teórico-concetuais e de operacionalização referenciáveis nesta área problemática da Sociologia. Assume-se aqui a relevância das perspetivas das Classes e Desigualdades Sociais, não apenas na produção de conhecimento científico no campo da Sociologia, mas ainda na compreensão de mecanismos de mudança social e de reconfiguração estrutural das sociedades atuais.</p>
<p style="text-align: justify">A Secção foi constituída a 15 de julho de 2009.</p>
</div><div class="fusion-separator fusion-full-width-sep" style="align-self: center;margin-left: auto;margin-right: auto;margin-top:15px;margin-bottom:15px;width:100%;"><div class="fusion-separator-border sep-shadow" style="--awb-height:20px;--awb-amount:20px;background:radial-gradient(ellipse at 50% -50% , #e0dede 0px, rgba(255, 255, 255, 0) 80%) repeat scroll 0 0 rgba(0, 0, 0, 0);background:-webkit-radial-gradient(ellipse at 50% -50% , #e0dede 0px, rgba(255, 255, 255, 0) 80%) repeat scroll 0 0 rgba(0, 0, 0, 0);background:-moz-radial-gradient(ellipse at 50% -50% , #e0dede 0px, rgba(255, 255, 255, 0) 80%) repeat scroll 0 0 rgba(0, 0, 0, 0);background:-o-radial-gradient(ellipse at 50% -50% , #e0dede 0px, rgba(255, 255, 255, 0) 80%) repeat scroll 0 0 rgba(0, 0, 0, 0);"></div></div><div class="fusion-text fusion-text-2"><p style="text-align: justify">A constituição da Secção Temática foi proposta em 2011 à APS por 12 sociólogos de múltiplas instituições de ensino e de investigação:</p>
<p><strong>António Firmino da Costa</strong> (CIES, ISCTE)</p>
<p><strong>Elísio Estanque</strong> (CES, FE, UC)</p>
<p><strong>Fernando Luís Machado</strong> (CIES, ISCTE)</p>
<p><strong>João Ferreira de Almeida</strong> (CIES, ISCTE)</p>
<p><strong>José Luís Casanova</strong> (CIES, ISCTE)</p>
<p><strong>José Madureira Pinto</strong> (FEP, UP)</p>
<p><strong>Manuel Carlos Silva</strong> (ICS, UM)</p>
<p><strong>Nuno Nunes</strong> (CIES, ISCTE)</p>
<p><strong>Raquel Ribeiro</strong> (ISCSP)</p>
<p><strong>Renato Miguel do Carmo</strong> (CIES, ISCTE)</p>
<p><strong>Rosário Mauritti</strong> (CIES, ISCTE)</p>
<p><strong>Susana da Cruz Martins</strong> (CIES, ISCTE)</p>
<p><strong>Virgílio Borges Pereira</strong> (IS, FL, UP)</p>
</div><div ><a class="fusion-button button-flat fusion-button-default-size button-default fusion-button-default button-1 fusion-button-default-span fusion-button-default-type" target="_self" href="https://iscteiul365-my.sharepoint.com/:b:/g/personal/sfsao_iscte-iul_pt/ESwDLWFISd5BvdNbnv9-TOQBedxnGFb3uHTfXB-I7pnL6g?e=eZwFdU"><span class="fusion-button-text awb-button__text awb-button__text--default">Proposta de Constituição da ST</span></a></div></div></div></div></div>
