{"id":516,"date":"2021-11-29T16:15:34","date_gmt":"2021-11-29T16:15:34","guid":{"rendered":"https:\/\/stnr.aps.pt\/classes-desigualdades-politicas-publicas\/?page_id=516"},"modified":"2025-03-05T11:45:33","modified_gmt":"2025-03-05T11:45:33","slug":"encontro-3-da-seccao-tematica","status":"publish","type":"page","link":"https:\/\/stnr.aps.pt\/classes-desigualdades-politicas-publicas\/encontro-3-da-seccao-tematica\/","title":{"rendered":"encontro 2 da sec\u00e7\u00e3o tem\u00e1tica &#8211; 2024"},"content":{"rendered":"<div class=\"fusion-fullwidth fullwidth-box fusion-builder-row-1 fusion-flex-container nonhundred-percent-fullwidth non-hundred-percent-height-scrolling\" style=\"--awb-border-radius-top-left:0px;--awb-border-radius-top-right:0px;--awb-border-radius-bottom-right:0px;--awb-border-radius-bottom-left:0px;--awb-flex-wrap:wrap;\" ><div class=\"fusion-builder-row fusion-row fusion-flex-align-items-flex-start fusion-flex-content-wrap\" style=\"max-width:1144px;margin-left: calc(-4% \/ 2 );margin-right: calc(-4% \/ 2 );\"><div class=\"fusion-layout-column fusion_builder_column fusion-builder-column-0 fusion_builder_column_1_1 1_1 fusion-flex-column\" style=\"--awb-bg-size:cover;--awb-width-large:100%;--awb-margin-top-large:0px;--awb-spacing-right-large:1.92%;--awb-margin-bottom-large:0px;--awb-spacing-left-large:1.92%;--awb-width-medium:100%;--awb-spacing-right-medium:1.92%;--awb-spacing-left-medium:1.92%;--awb-width-small:100%;--awb-spacing-right-small:1.92%;--awb-spacing-left-small:1.92%;\"><div class=\"fusion-column-wrapper fusion-flex-justify-content-flex-start fusion-content-layout-column\"><div class=\"fusion-text fusion-text-1\"><p style=\"text-align: center\"><strong>Encontro da Sec\u00e7\u00e3o Tem\u00e1tica <\/strong><\/p>\n<p style=\"text-align: center\"><strong>\u201c<em>Desigualdades sociais e pol\u00edticas p\u00fablicas: a experi\u00eancia da Estrat\u00e9gia Nacional de Combate \u00e0 Pobreza<\/em>\u201d<\/strong><\/p>\n<\/div><div class=\"fusion-text fusion-text-2\"><p style=\"text-align: center\">A Sec\u00e7\u00e3o Tem\u00e1tica &#8220;Classes, Desigualdades e Pol\u00edticas P\u00fablicas&#8221; da APS realizou no\u00a0 dia 29 de outubro de 2024, na Biblioteca de Marvila, em Lisboa, um encontro subordinado ao tema &#8220;Desigualdades Sociais e Pol\u00edticas P\u00fablicas: a experi\u00eancia da Estrat\u00e9gia Nacional de Combate \u00e0 Pobreza&#8221;, organizado em parceria com a Coordena\u00e7\u00e3o Nacional da ENCP.<br \/>\nDa parte da manh\u00e3, houve uma discuss\u00e3o sobre a ENCP 2021-2030, seguindo-se, ao in\u00edcio da tarde, uma mesa-redonda sobre experi\u00eancias locais e territorializadas de interven\u00e7\u00e3o no combate \u00e0 pobreza.<\/p>\n<\/div><div class=\"fusion-text fusion-text-3\"><p style=\"text-align: center\"><strong><a href=\"https:\/\/iscteiul365-my.sharepoint.com\/:b:\/g\/personal\/sfsao_iscte-iul_pt\/EQwtPwgjCMBLtPmxR4iBL9IBF5fkLNLw8Uvi2r2LeMJolw?e=UjWtAX\">Cartaz<\/a> | <a href=\"https:\/\/iscteiul365-my.sharepoint.com\/:b:\/g\/personal\/sfsao_iscte-iul_pt\/EaPS90SVU5FMoiYnb8ds6_UBNwY7zfPYlBl_e4TZ6PYn5A?e=SWlVfd\">Programa<\/a><\/strong><\/p>\n<\/div><div class=\"awb-gallery-wrapper awb-gallery-wrapper-1 button-span-no\"><div style=\"margin:-5px;--awb-bordersize:0px;\" class=\"fusion-gallery fusion-gallery-container fusion-grid-3 fusion-columns-total-8 fusion-gallery-layout-grid fusion-gallery-1\"><div style=\"padding:5px;\" class=\"fusion-grid-column fusion-gallery-column fusion-gallery-column-3 hover-type-none\"><div class=\"fusion-gallery-image\"><a href=\"https:\/\/stnr.aps.pt\/classes-desigualdades-politicas-publicas\/wp-content\/uploads\/sites\/21\/2025\/03\/IMG-20241029-WA0006.jpg\" rel=\"noreferrer\" data-rel=\"iLightbox[gallery_image_1]\" class=\"fusion-lightbox\" target=\"_self\"><img decoding=\"async\" src=\"https:\/\/stnr.aps.pt\/classes-desigualdades-politicas-publicas\/wp-content\/uploads\/sites\/21\/2025\/03\/IMG-20241029-WA0006.jpg\" data-orig-src=\"https:\/\/stnr.aps.pt\/classes-desigualdades-politicas-publicas\/wp-content\/uploads\/sites\/21\/2025\/03\/IMG-20241029-WA0006.jpg\" width=\"2048\" height=\"1536\" alt=\"\" title=\"IMG-20241029-WA0006\" aria-label=\"IMG-20241029-WA0006\" class=\"lazyload img-responsive wp-image-1151\" srcset=\"data:image\/svg+xml,%3Csvg%20xmlns%3D%27http%3A%2F%2Fwww.w3.org%2F2000%2Fsvg%27%20width%3D%272048%27%20height%3D%271536%27%20viewBox%3D%270%200%202048%201536%27%3E%3Crect%20width%3D%272048%27%20height%3D%271536%27%20fill-opacity%3D%220%22%2F%3E%3C%2Fsvg%3E\" data-srcset=\"https:\/\/stnr.aps.pt\/classes-desigualdades-politicas-publicas\/wp-content\/uploads\/sites\/21\/2025\/03\/IMG-20241029-WA0006-200x150.jpg 200w, https:\/\/stnr.aps.pt\/classes-desigualdades-politicas-publicas\/wp-content\/uploads\/sites\/21\/2025\/03\/IMG-20241029-WA0006-400x300.jpg 400w, https:\/\/stnr.aps.pt\/classes-desigualdades-politicas-publicas\/wp-content\/uploads\/sites\/21\/2025\/03\/IMG-20241029-WA0006-600x450.jpg 600w, https:\/\/stnr.aps.pt\/classes-desigualdades-politicas-publicas\/wp-content\/uploads\/sites\/21\/2025\/03\/IMG-20241029-WA0006-800x600.jpg 800w, https:\/\/stnr.aps.pt\/classes-desigualdades-politicas-publicas\/wp-content\/uploads\/sites\/21\/2025\/03\/IMG-20241029-WA0006-1200x900.jpg 1200w, https:\/\/stnr.aps.pt\/classes-desigualdades-politicas-publicas\/wp-content\/uploads\/sites\/21\/2025\/03\/IMG-20241029-WA0006.jpg 2048w\" data-sizes=\"auto\" data-orig-sizes=\"(min-width: 2200px) 100vw, (min-width: 784px) 363px, (min-width: 712px) 545px, (min-width: 640px) 712px, \" \/><\/a><\/div><\/div><div style=\"padding:5px;\" class=\"fusion-grid-column fusion-gallery-column fusion-gallery-column-3 hover-type-none\"><div class=\"fusion-gallery-image\"><a href=\"https:\/\/stnr.aps.pt\/classes-desigualdades-politicas-publicas\/wp-content\/uploads\/sites\/21\/2025\/03\/IMG-20241029-WA0005.jpg\" rel=\"noreferrer\" data-rel=\"iLightbox[gallery_image_1]\" class=\"fusion-lightbox\" target=\"_self\"><img decoding=\"async\" src=\"https:\/\/stnr.aps.pt\/classes-desigualdades-politicas-publicas\/wp-content\/uploads\/sites\/21\/2025\/03\/IMG-20241029-WA0005.jpg\" data-orig-src=\"https:\/\/stnr.aps.pt\/classes-desigualdades-politicas-publicas\/wp-content\/uploads\/sites\/21\/2025\/03\/IMG-20241029-WA0005.jpg\" width=\"2048\" height=\"1536\" alt=\"\" title=\"IMG-20241029-WA0005\" aria-label=\"IMG-20241029-WA0005\" class=\"lazyload img-responsive wp-image-1152\" srcset=\"data:image\/svg+xml,%3Csvg%20xmlns%3D%27http%3A%2F%2Fwww.w3.org%2F2000%2Fsvg%27%20width%3D%272048%27%20height%3D%271536%27%20viewBox%3D%270%200%202048%201536%27%3E%3Crect%20width%3D%272048%27%20height%3D%271536%27%20fill-opacity%3D%220%22%2F%3E%3C%2Fsvg%3E\" data-srcset=\"https:\/\/stnr.aps.pt\/classes-desigualdades-politicas-publicas\/wp-content\/uploads\/sites\/21\/2025\/03\/IMG-20241029-WA0005-200x150.jpg 200w, https:\/\/stnr.aps.pt\/classes-desigualdades-politicas-publicas\/wp-content\/uploads\/sites\/21\/2025\/03\/IMG-20241029-WA0005-400x300.jpg 400w, https:\/\/stnr.aps.pt\/classes-desigualdades-politicas-publicas\/wp-content\/uploads\/sites\/21\/2025\/03\/IMG-20241029-WA0005-600x450.jpg 600w, https:\/\/stnr.aps.pt\/classes-desigualdades-politicas-publicas\/wp-content\/uploads\/sites\/21\/2025\/03\/IMG-20241029-WA0005-800x600.jpg 800w, https:\/\/stnr.aps.pt\/classes-desigualdades-politicas-publicas\/wp-content\/uploads\/sites\/21\/2025\/03\/IMG-20241029-WA0005-1200x900.jpg 1200w, https:\/\/stnr.aps.pt\/classes-desigualdades-politicas-publicas\/wp-content\/uploads\/sites\/21\/2025\/03\/IMG-20241029-WA0005.jpg 2048w\" data-sizes=\"auto\" data-orig-sizes=\"(min-width: 2200px) 100vw, (min-width: 784px) 363px, (min-width: 712px) 545px, (min-width: 640px) 712px, \" \/><\/a><\/div><\/div><div style=\"padding:5px;\" class=\"fusion-grid-column fusion-gallery-column fusion-gallery-column-3 hover-type-none\"><div class=\"fusion-gallery-image\"><a href=\"https:\/\/stnr.aps.pt\/classes-desigualdades-politicas-publicas\/wp-content\/uploads\/sites\/21\/2025\/03\/IMG-20241029-WA0007.jpg\" rel=\"noreferrer\" data-rel=\"iLightbox[gallery_image_1]\" class=\"fusion-lightbox\" target=\"_self\"><img decoding=\"async\" src=\"https:\/\/stnr.aps.pt\/classes-desigualdades-politicas-publicas\/wp-content\/uploads\/sites\/21\/2025\/03\/IMG-20241029-WA0007.jpg\" data-orig-src=\"https:\/\/stnr.aps.pt\/classes-desigualdades-politicas-publicas\/wp-content\/uploads\/sites\/21\/2025\/03\/IMG-20241029-WA0007.jpg\" width=\"2048\" height=\"1536\" alt=\"\" title=\"IMG-20241029-WA0007\" aria-label=\"IMG-20241029-WA0007\" class=\"lazyload img-responsive wp-image-1150\" srcset=\"data:image\/svg+xml,%3Csvg%20xmlns%3D%27http%3A%2F%2Fwww.w3.org%2F2000%2Fsvg%27%20width%3D%272048%27%20height%3D%271536%27%20viewBox%3D%270%200%202048%201536%27%3E%3Crect%20width%3D%272048%27%20height%3D%271536%27%20fill-opacity%3D%220%22%2F%3E%3C%2Fsvg%3E\" data-srcset=\"https:\/\/stnr.aps.pt\/classes-desigualdades-politicas-publicas\/wp-content\/uploads\/sites\/21\/2025\/03\/IMG-20241029-WA0007-200x150.jpg 200w, https:\/\/stnr.aps.pt\/classes-desigualdades-politicas-publicas\/wp-content\/uploads\/sites\/21\/2025\/03\/IMG-20241029-WA0007-400x300.jpg 400w, https:\/\/stnr.aps.pt\/classes-desigualdades-politicas-publicas\/wp-content\/uploads\/sites\/21\/2025\/03\/IMG-20241029-WA0007-600x450.jpg 600w, https:\/\/stnr.aps.pt\/classes-desigualdades-politicas-publicas\/wp-content\/uploads\/sites\/21\/2025\/03\/IMG-20241029-WA0007-800x600.jpg 800w, https:\/\/stnr.aps.pt\/classes-desigualdades-politicas-publicas\/wp-content\/uploads\/sites\/21\/2025\/03\/IMG-20241029-WA0007-1200x900.jpg 1200w, https:\/\/stnr.aps.pt\/classes-desigualdades-politicas-publicas\/wp-content\/uploads\/sites\/21\/2025\/03\/IMG-20241029-WA0007.jpg 2048w\" data-sizes=\"auto\" data-orig-sizes=\"(min-width: 2200px) 100vw, (min-width: 784px) 363px, (min-width: 712px) 545px, (min-width: 640px) 712px, \" \/><\/a><\/div><\/div><div class=\"clearfix\"><\/div><div style=\"padding:5px;\" class=\"fusion-grid-column fusion-gallery-column fusion-gallery-column-3 hover-type-none\"><div class=\"fusion-gallery-image\"><a href=\"https:\/\/stnr.aps.pt\/classes-desigualdades-politicas-publicas\/wp-content\/uploads\/sites\/21\/2025\/03\/1741173891373-scaled.jpg\" rel=\"noreferrer\" data-rel=\"iLightbox[gallery_image_1]\" class=\"fusion-lightbox\" target=\"_self\"><img decoding=\"async\" src=\"https:\/\/stnr.aps.pt\/classes-desigualdades-politicas-publicas\/wp-content\/uploads\/sites\/21\/2025\/03\/1741173891373-scaled.jpg\" data-orig-src=\"https:\/\/stnr.aps.pt\/classes-desigualdades-politicas-publicas\/wp-content\/uploads\/sites\/21\/2025\/03\/1741173891373-scaled.jpg\" width=\"1920\" height=\"2560\" alt=\"\" title=\"1741173891373\" aria-label=\"1741173891373\" class=\"lazyload img-responsive wp-image-1153\" srcset=\"data:image\/svg+xml,%3Csvg%20xmlns%3D%27http%3A%2F%2Fwww.w3.org%2F2000%2Fsvg%27%20width%3D%271920%27%20height%3D%272560%27%20viewBox%3D%270%200%201920%202560%27%3E%3Crect%20width%3D%271920%27%20height%3D%272560%27%20fill-opacity%3D%220%22%2F%3E%3C%2Fsvg%3E\" data-srcset=\"https:\/\/stnr.aps.pt\/classes-desigualdades-politicas-publicas\/wp-content\/uploads\/sites\/21\/2025\/03\/1741173891373-200x267.jpg 200w, https:\/\/stnr.aps.pt\/classes-desigualdades-politicas-publicas\/wp-content\/uploads\/sites\/21\/2025\/03\/1741173891373-400x533.jpg 400w, https:\/\/stnr.aps.pt\/classes-desigualdades-politicas-publicas\/wp-content\/uploads\/sites\/21\/2025\/03\/1741173891373-600x800.jpg 600w, https:\/\/stnr.aps.pt\/classes-desigualdades-politicas-publicas\/wp-content\/uploads\/sites\/21\/2025\/03\/1741173891373-800x1067.jpg 800w, https:\/\/stnr.aps.pt\/classes-desigualdades-politicas-publicas\/wp-content\/uploads\/sites\/21\/2025\/03\/1741173891373-1200x1600.jpg 1200w, https:\/\/stnr.aps.pt\/classes-desigualdades-politicas-publicas\/wp-content\/uploads\/sites\/21\/2025\/03\/1741173891373-scaled.jpg 1920w\" data-sizes=\"auto\" data-orig-sizes=\"(min-width: 2200px) 100vw, (min-width: 784px) 363px, (min-width: 712px) 545px, (min-width: 640px) 712px, \" \/><\/a><\/div><\/div><div style=\"padding:5px;\" class=\"fusion-grid-column fusion-gallery-column fusion-gallery-column-3 hover-type-none\"><div class=\"fusion-gallery-image\"><a href=\"https:\/\/stnr.aps.pt\/classes-desigualdades-politicas-publicas\/wp-content\/uploads\/sites\/21\/2025\/03\/1741173891329-scaled.jpg\" rel=\"noreferrer\" data-rel=\"iLightbox[gallery_image_1]\" class=\"fusion-lightbox\" target=\"_self\"><img decoding=\"async\" src=\"https:\/\/stnr.aps.pt\/classes-desigualdades-politicas-publicas\/wp-content\/uploads\/sites\/21\/2025\/03\/1741173891329-scaled.jpg\" data-orig-src=\"https:\/\/stnr.aps.pt\/classes-desigualdades-politicas-publicas\/wp-content\/uploads\/sites\/21\/2025\/03\/1741173891329-scaled.jpg\" width=\"1920\" height=\"2560\" alt=\"\" title=\"1741173891329\" aria-label=\"1741173891329\" class=\"lazyload img-responsive wp-image-1154\" srcset=\"data:image\/svg+xml,%3Csvg%20xmlns%3D%27http%3A%2F%2Fwww.w3.org%2F2000%2Fsvg%27%20width%3D%271920%27%20height%3D%272560%27%20viewBox%3D%270%200%201920%202560%27%3E%3Crect%20width%3D%271920%27%20height%3D%272560%27%20fill-opacity%3D%220%22%2F%3E%3C%2Fsvg%3E\" data-srcset=\"https:\/\/stnr.aps.pt\/classes-desigualdades-politicas-publicas\/wp-content\/uploads\/sites\/21\/2025\/03\/1741173891329-200x267.jpg 200w, https:\/\/stnr.aps.pt\/classes-desigualdades-politicas-publicas\/wp-content\/uploads\/sites\/21\/2025\/03\/1741173891329-400x533.jpg 400w, https:\/\/stnr.aps.pt\/classes-desigualdades-politicas-publicas\/wp-content\/uploads\/sites\/21\/2025\/03\/1741173891329-600x800.jpg 600w, https:\/\/stnr.aps.pt\/classes-desigualdades-politicas-publicas\/wp-content\/uploads\/sites\/21\/2025\/03\/1741173891329-800x1067.jpg 800w, https:\/\/stnr.aps.pt\/classes-desigualdades-politicas-publicas\/wp-content\/uploads\/sites\/21\/2025\/03\/1741173891329-1200x1600.jpg 1200w, https:\/\/stnr.aps.pt\/classes-desigualdades-politicas-publicas\/wp-content\/uploads\/sites\/21\/2025\/03\/1741173891329-scaled.jpg 1920w\" data-sizes=\"auto\" data-orig-sizes=\"(min-width: 2200px) 100vw, (min-width: 784px) 363px, (min-width: 712px) 545px, (min-width: 640px) 712px, \" \/><\/a><\/div><\/div><div style=\"padding:5px;\" class=\"fusion-grid-column fusion-gallery-column fusion-gallery-column-3 hover-type-none\"><div class=\"fusion-gallery-image\"><a href=\"https:\/\/stnr.aps.pt\/classes-desigualdades-politicas-publicas\/wp-content\/uploads\/sites\/21\/2025\/03\/1741174040104-scaled.jpg\" rel=\"noreferrer\" data-rel=\"iLightbox[gallery_image_1]\" class=\"fusion-lightbox\" target=\"_self\"><img decoding=\"async\" src=\"https:\/\/stnr.aps.pt\/classes-desigualdades-politicas-publicas\/wp-content\/uploads\/sites\/21\/2025\/03\/1741174040104-scaled.jpg\" data-orig-src=\"https:\/\/stnr.aps.pt\/classes-desigualdades-politicas-publicas\/wp-content\/uploads\/sites\/21\/2025\/03\/1741174040104-scaled.jpg\" width=\"2560\" height=\"1920\" alt=\"\" title=\"1741174040104\" aria-label=\"1741174040104\" class=\"lazyload img-responsive wp-image-1155\" srcset=\"data:image\/svg+xml,%3Csvg%20xmlns%3D%27http%3A%2F%2Fwww.w3.org%2F2000%2Fsvg%27%20width%3D%272560%27%20height%3D%271920%27%20viewBox%3D%270%200%202560%201920%27%3E%3Crect%20width%3D%272560%27%20height%3D%271920%27%20fill-opacity%3D%220%22%2F%3E%3C%2Fsvg%3E\" data-srcset=\"https:\/\/stnr.aps.pt\/classes-desigualdades-politicas-publicas\/wp-content\/uploads\/sites\/21\/2025\/03\/1741174040104-200x150.jpg 200w, https:\/\/stnr.aps.pt\/classes-desigualdades-politicas-publicas\/wp-content\/uploads\/sites\/21\/2025\/03\/1741174040104-400x300.jpg 400w, https:\/\/stnr.aps.pt\/classes-desigualdades-politicas-publicas\/wp-content\/uploads\/sites\/21\/2025\/03\/1741174040104-600x450.jpg 600w, https:\/\/stnr.aps.pt\/classes-desigualdades-politicas-publicas\/wp-content\/uploads\/sites\/21\/2025\/03\/1741174040104-800x600.jpg 800w, https:\/\/stnr.aps.pt\/classes-desigualdades-politicas-publicas\/wp-content\/uploads\/sites\/21\/2025\/03\/1741174040104-1200x900.jpg 1200w, https:\/\/stnr.aps.pt\/classes-desigualdades-politicas-publicas\/wp-content\/uploads\/sites\/21\/2025\/03\/1741174040104-scaled.jpg 2560w\" data-sizes=\"auto\" data-orig-sizes=\"(min-width: 2200px) 100vw, (min-width: 784px) 363px, (min-width: 712px) 545px, (min-width: 640px) 712px, \" \/><\/a><\/div><\/div><div class=\"clearfix\"><\/div><div style=\"padding:5px;\" class=\"fusion-grid-column fusion-gallery-column fusion-gallery-column-3 hover-type-none\"><div class=\"fusion-gallery-image\"><a href=\"https:\/\/stnr.aps.pt\/classes-desigualdades-politicas-publicas\/wp-content\/uploads\/sites\/21\/2025\/03\/1741174040041-scaled.jpg\" rel=\"noreferrer\" data-rel=\"iLightbox[gallery_image_1]\" class=\"fusion-lightbox\" target=\"_self\"><img decoding=\"async\" src=\"https:\/\/stnr.aps.pt\/classes-desigualdades-politicas-publicas\/wp-content\/uploads\/sites\/21\/2025\/03\/1741174040041-scaled.jpg\" data-orig-src=\"https:\/\/stnr.aps.pt\/classes-desigualdades-politicas-publicas\/wp-content\/uploads\/sites\/21\/2025\/03\/1741174040041-scaled.jpg\" width=\"1920\" height=\"2560\" alt=\"\" title=\"1741174040041\" aria-label=\"1741174040041\" class=\"lazyload img-responsive wp-image-1156\" srcset=\"data:image\/svg+xml,%3Csvg%20xmlns%3D%27http%3A%2F%2Fwww.w3.org%2F2000%2Fsvg%27%20width%3D%271920%27%20height%3D%272560%27%20viewBox%3D%270%200%201920%202560%27%3E%3Crect%20width%3D%271920%27%20height%3D%272560%27%20fill-opacity%3D%220%22%2F%3E%3C%2Fsvg%3E\" data-srcset=\"https:\/\/stnr.aps.pt\/classes-desigualdades-politicas-publicas\/wp-content\/uploads\/sites\/21\/2025\/03\/1741174040041-200x267.jpg 200w, https:\/\/stnr.aps.pt\/classes-desigualdades-politicas-publicas\/wp-content\/uploads\/sites\/21\/2025\/03\/1741174040041-400x533.jpg 400w, https:\/\/stnr.aps.pt\/classes-desigualdades-politicas-publicas\/wp-content\/uploads\/sites\/21\/2025\/03\/1741174040041-600x800.jpg 600w, https:\/\/stnr.aps.pt\/classes-desigualdades-politicas-publicas\/wp-content\/uploads\/sites\/21\/2025\/03\/1741174040041-800x1067.jpg 800w, https:\/\/stnr.aps.pt\/classes-desigualdades-politicas-publicas\/wp-content\/uploads\/sites\/21\/2025\/03\/1741174040041-1200x1600.jpg 1200w, https:\/\/stnr.aps.pt\/classes-desigualdades-politicas-publicas\/wp-content\/uploads\/sites\/21\/2025\/03\/1741174040041-scaled.jpg 1920w\" data-sizes=\"auto\" data-orig-sizes=\"(min-width: 2200px) 100vw, (min-width: 784px) 363px, (min-width: 712px) 545px, (min-width: 640px) 712px, \" \/><\/a><\/div><\/div><div style=\"padding:5px;\" class=\"fusion-grid-column fusion-gallery-column fusion-gallery-column-3 hover-type-none\"><div class=\"fusion-gallery-image\"><a href=\"https:\/\/stnr.aps.pt\/classes-desigualdades-politicas-publicas\/wp-content\/uploads\/sites\/21\/2025\/03\/1741174040084-scaled.jpg\" rel=\"noreferrer\" data-rel=\"iLightbox[gallery_image_1]\" class=\"fusion-lightbox\" target=\"_self\"><img decoding=\"async\" src=\"https:\/\/stnr.aps.pt\/classes-desigualdades-politicas-publicas\/wp-content\/uploads\/sites\/21\/2025\/03\/1741174040084-scaled.jpg\" data-orig-src=\"https:\/\/stnr.aps.pt\/classes-desigualdades-politicas-publicas\/wp-content\/uploads\/sites\/21\/2025\/03\/1741174040084-scaled.jpg\" width=\"2560\" height=\"1920\" alt=\"\" title=\"1741174040084\" aria-label=\"1741174040084\" class=\"lazyload img-responsive wp-image-1157\" srcset=\"data:image\/svg+xml,%3Csvg%20xmlns%3D%27http%3A%2F%2Fwww.w3.org%2F2000%2Fsvg%27%20width%3D%272560%27%20height%3D%271920%27%20viewBox%3D%270%200%202560%201920%27%3E%3Crect%20width%3D%272560%27%20height%3D%271920%27%20fill-opacity%3D%220%22%2F%3E%3C%2Fsvg%3E\" data-srcset=\"https:\/\/stnr.aps.pt\/classes-desigualdades-politicas-publicas\/wp-content\/uploads\/sites\/21\/2025\/03\/1741174040084-200x150.jpg 200w, https:\/\/stnr.aps.pt\/classes-desigualdades-politicas-publicas\/wp-content\/uploads\/sites\/21\/2025\/03\/1741174040084-400x300.jpg 400w, https:\/\/stnr.aps.pt\/classes-desigualdades-politicas-publicas\/wp-content\/uploads\/sites\/21\/2025\/03\/1741174040084-600x450.jpg 600w, https:\/\/stnr.aps.pt\/classes-desigualdades-politicas-publicas\/wp-content\/uploads\/sites\/21\/2025\/03\/1741174040084-800x600.jpg 800w, https:\/\/stnr.aps.pt\/classes-desigualdades-politicas-publicas\/wp-content\/uploads\/sites\/21\/2025\/03\/1741174040084-1200x900.jpg 1200w, https:\/\/stnr.aps.pt\/classes-desigualdades-politicas-publicas\/wp-content\/uploads\/sites\/21\/2025\/03\/1741174040084-scaled.jpg 2560w\" data-sizes=\"auto\" data-orig-sizes=\"(min-width: 2200px) 100vw, (min-width: 784px) 363px, (min-width: 712px) 545px, (min-width: 640px) 712px, \" \/><\/a><\/div><\/div><\/div><\/div><\/div><\/div><\/div><\/div>\n","protected":false},"excerpt":{"rendered":"","protected":false},"author":4,"featured_media":0,"parent":0,"menu_order":0,"comment_status":"closed","ping_status":"closed","template":"","meta":{"footnotes":""},"class_list":["post-516","page","type-page","status-publish","hentry"],"_links":{"self":[{"href":"https:\/\/stnr.aps.pt\/classes-desigualdades-politicas-publicas\/wp-json\/wp\/v2\/pages\/516","targetHints":{"allow":["GET"]}}],"collection":[{"href":"https:\/\/stnr.aps.pt\/classes-desigualdades-politicas-publicas\/wp-json\/wp\/v2\/pages"}],"about":[{"href":"https:\/\/stnr.aps.pt\/classes-desigualdades-politicas-publicas\/wp-json\/wp\/v2\/types\/page"}],"author":[{"embeddable":true,"href":"https:\/\/stnr.aps.pt\/classes-desigualdades-politicas-publicas\/wp-json\/wp\/v2\/users\/4"}],"replies":[{"embeddable":true,"href":"https:\/\/stnr.aps.pt\/classes-desigualdades-politicas-publicas\/wp-json\/wp\/v2\/comments?post=516"}],"version-history":[{"count":6,"href":"https:\/\/stnr.aps.pt\/classes-desigualdades-politicas-publicas\/wp-json\/wp\/v2\/pages\/516\/revisions"}],"predecessor-version":[{"id":1162,"href":"https:\/\/stnr.aps.pt\/classes-desigualdades-politicas-publicas\/wp-json\/wp\/v2\/pages\/516\/revisions\/1162"}],"wp:attachment":[{"href":"https:\/\/stnr.aps.pt\/classes-desigualdades-politicas-publicas\/wp-json\/wp\/v2\/media?parent=516"}],"curies":[{"name":"wp","href":"https:\/\/api.w.org\/{rel}","templated":true}]}}